{"id":300,"date":"2025-03-13T11:36:08","date_gmt":"2025-03-13T14:36:08","guid":{"rendered":"https:\/\/previews.elleven.digital\/imf\/?page_id=300"},"modified":"2025-03-17T11:20:11","modified_gmt":"2025-03-17T14:20:11","slug":"erro-zero","status":"publish","type":"page","link":"https:\/\/previews.elleven.digital\/imf\/erro-zero\/","title":{"rendered":"Erro Zero"},"content":{"rendered":"<div class=\"flex wrap\">\n<div class=\"grid-12 grid-lg-6 py-0 pl-0 px-0-lg-less\">\n<p>O canal Erro Zero IMF LINCE foi criado para atender todas as suas solicita\u00e7\u00f5es. Caso voc\u00ea tenha entrado em contato por meio de outro canal de comunica\u00e7\u00e3o da empresa, e n\u00e3o obteve retorno, preencha os campos abaixo que sua solicita\u00e7\u00e3o ser\u00e1 atendida. Este \u00e9 um canal aberto para clientes e parceiros que queiram colaborar para melhorarmos ainda mais os nossos produtos e todos os processos que os envolvem.<\/p>\n<\/div>\n<div class=\"grid-12 grid-lg-6 pb-0 px-0-lg-less py-0-lg-over pr-0-lg-over\">\n<p>Nesta p\u00e1gina, voc\u00ea poder\u00e1 nos informar, com detalhes, a sua solicita\u00e7\u00e3o de assist\u00eancia t\u00e9cnica, troca e garantia diretamente \u00e0 diretoria, o que tornar\u00e1 a resolu\u00e7\u00e3o mais r\u00e1pida.\u2028Sua colabora\u00e7\u00e3o \u00e9 fundamental para que possamos continuar com grandes parcerias.<\/p>\n<\/div>\n<\/div>\n","protected":false},"excerpt":{"rendered":"<p>O canal Erro Zero IMF LINCE foi criado para atender todas as suas solicita\u00e7\u00f5es. Caso voc\u00ea tenha entrado em contato por meio de outro canal de comunica\u00e7\u00e3o da empresa, e n\u00e3o obteve retorno, preencha os campos abaixo que sua solicita\u00e7\u00e3o ser\u00e1 atendida. Este \u00e9 um canal aberto para clientes e parceiros que queiram colaborar para [&hellip;]<\/p>\n","protected":false},"author":1,"featured_media":0,"parent":0,"menu_order":11,"comment_status":"closed","ping_status":"closed","template":"template-fale-conosco.php","meta":{"_acf_changed":false,"inline_featured_image":false,"footnotes":""},"class_list":["post-300","page","type-page","status-publish","hentry"],"acf":[],"yoast_head":"<!-- This site is optimized with the Yoast SEO plugin v24.6 - https:\/\/yoast.com\/wordpress\/plugins\/seo\/ -->\n<title>IMF Lince - Erro Zero<\/title>\n<meta name=\"robots\" content=\"index, follow, max-snippet:-1, max-image-preview:large, max-video-preview:-1\" \/>\n<link rel=\"canonical\" href=\"https:\/\/previews.elleven.digital\/imf\/erro-zero\/\" \/>\n<meta property=\"og:locale\" content=\"pt_BR\" \/>\n<meta property=\"og:type\" content=\"article\" \/>\n<meta property=\"og:title\" content=\"IMF Lince - Erro Zero\" \/>\n<meta property=\"og:description\" content=\"O canal Erro Zero IMF LINCE foi criado para atender todas as suas solicita\u00e7\u00f5es. Caso voc\u00ea tenha entrado em contato por meio de outro canal de comunica\u00e7\u00e3o da empresa, e n\u00e3o obteve retorno, preencha os campos abaixo que sua solicita\u00e7\u00e3o ser\u00e1 atendida. Este \u00e9 um canal aberto para clientes e parceiros que queiram colaborar para [&hellip;]\" \/>\n<meta property=\"og:url\" content=\"https:\/\/previews.elleven.digital\/imf\/erro-zero\/\" \/>\n<meta property=\"og:site_name\" content=\"IMF Lince\" \/>\n<meta property=\"article:modified_time\" content=\"2025-03-17T14:20:11+00:00\" \/>\n<meta property=\"og:image\" content=\"https:\/\/previews.elleven.digital\/imf\/wp-content\/uploads\/2025\/03\/OG.png\" \/>\n\t<meta property=\"og:image:width\" content=\"1200\" \/>\n\t<meta property=\"og:image:height\" content=\"675\" \/>\n\t<meta property=\"og:image:type\" content=\"image\/png\" \/>\n<meta name=\"twitter:card\" content=\"summary_large_image\" \/>\n<meta name=\"twitter:label1\" content=\"Est. tempo de leitura\" \/>\n\t<meta name=\"twitter:data1\" content=\"1 minuto\" \/>\n<script type=\"application\/ld+json\" class=\"yoast-schema-graph\">{\"@context\":\"https:\/\/schema.org\",\"@graph\":[{\"@type\":\"WebPage\",\"@id\":\"https:\/\/previews.elleven.digital\/imf\/erro-zero\/\",\"url\":\"https:\/\/previews.elleven.digital\/imf\/erro-zero\/\",\"name\":\"IMF Lince - Erro Zero\",\"isPartOf\":{\"@id\":\"https:\/\/previews.elleven.digital\/imf\/#website\"},\"datePublished\":\"2025-03-13T14:36:08+00:00\",\"dateModified\":\"2025-03-17T14:20:11+00:00\",\"breadcrumb\":{\"@id\":\"https:\/\/previews.elleven.digital\/imf\/erro-zero\/#breadcrumb\"},\"inLanguage\":\"pt-BR\",\"potentialAction\":[{\"@type\":\"ReadAction\",\"target\":[\"https:\/\/previews.elleven.digital\/imf\/erro-zero\/\"]}]},{\"@type\":\"BreadcrumbList\",\"@id\":\"https:\/\/previews.elleven.digital\/imf\/erro-zero\/#breadcrumb\",\"itemListElement\":[{\"@type\":\"ListItem\",\"position\":1,\"name\":\"In\u00edcio\",\"item\":\"https:\/\/previews.elleven.digital\/imf\/\"},{\"@type\":\"ListItem\",\"position\":2,\"name\":\"Erro Zero\"}]},{\"@type\":\"WebSite\",\"@id\":\"https:\/\/previews.elleven.digital\/imf\/#website\",\"url\":\"https:\/\/previews.elleven.digital\/imf\/\",\"name\":\"IMF Lince\",\"description\":\"Ind\u00fastria Metal\u00fargica Fabr\u00e3o\",\"publisher\":{\"@id\":\"https:\/\/previews.elleven.digital\/imf\/#organization\"},\"alternateName\":\"IMF Lince\",\"potentialAction\":[{\"@type\":\"SearchAction\",\"target\":{\"@type\":\"EntryPoint\",\"urlTemplate\":\"https:\/\/previews.elleven.digital\/imf\/?s={search_term_string}\"},\"query-input\":{\"@type\":\"PropertyValueSpecification\",\"valueRequired\":true,\"valueName\":\"search_term_string\"}}],\"inLanguage\":\"pt-BR\"},{\"@type\":\"Organization\",\"@id\":\"https:\/\/previews.elleven.digital\/imf\/#organization\",\"name\":\"IMF LINCE\",\"alternateName\":\"IMF LINCE\",\"url\":\"https:\/\/previews.elleven.digital\/imf\/\",\"logo\":{\"@type\":\"ImageObject\",\"inLanguage\":\"pt-BR\",\"@id\":\"https:\/\/previews.elleven.digital\/imf\/#\/schema\/logo\/image\/\",\"url\":\"https:\/\/previews.elleven.digital\/imf\/wp-content\/uploads\/2025\/03\/Logo.png\",\"contentUrl\":\"https:\/\/previews.elleven.digital\/imf\/wp-content\/uploads\/2025\/03\/Logo.png\",\"width\":696,\"height\":696,\"caption\":\"IMF LINCE\"},\"image\":{\"@id\":\"https:\/\/previews.elleven.digital\/imf\/#\/schema\/logo\/image\/\"}}]}<\/script>\n<!-- \/ Yoast SEO plugin. -->","yoast_head_json":{"title":"IMF Lince - Erro Zero","robots":{"index":"index","follow":"follow","max-snippet":"max-snippet:-1","max-image-preview":"max-image-preview:large","max-video-preview":"max-video-preview:-1"},"canonical":"https:\/\/previews.elleven.digital\/imf\/erro-zero\/","og_locale":"pt_BR","og_type":"article","og_title":"IMF Lince - Erro Zero","og_description":"O canal Erro Zero IMF LINCE foi criado para atender todas as suas solicita\u00e7\u00f5es. Caso voc\u00ea tenha entrado em contato por meio de outro canal de comunica\u00e7\u00e3o da empresa, e n\u00e3o obteve retorno, preencha os campos abaixo que sua solicita\u00e7\u00e3o ser\u00e1 atendida. Este \u00e9 um canal aberto para clientes e parceiros que queiram colaborar para [&hellip;]","og_url":"https:\/\/previews.elleven.digital\/imf\/erro-zero\/","og_site_name":"IMF Lince","article_modified_time":"2025-03-17T14:20:11+00:00","og_image":[{"width":1200,"height":675,"url":"https:\/\/previews.elleven.digital\/imf\/wp-content\/uploads\/2025\/03\/OG.png","type":"image\/png"}],"twitter_card":"summary_large_image","twitter_misc":{"Est. tempo de leitura":"1 minuto"},"schema":{"@context":"https:\/\/schema.org","@graph":[{"@type":"WebPage","@id":"https:\/\/previews.elleven.digital\/imf\/erro-zero\/","url":"https:\/\/previews.elleven.digital\/imf\/erro-zero\/","name":"IMF Lince - Erro Zero","isPartOf":{"@id":"https:\/\/previews.elleven.digital\/imf\/#website"},"datePublished":"2025-03-13T14:36:08+00:00","dateModified":"2025-03-17T14:20:11+00:00","breadcrumb":{"@id":"https:\/\/previews.elleven.digital\/imf\/erro-zero\/#breadcrumb"},"inLanguage":"pt-BR","potentialAction":[{"@type":"ReadAction","target":["https:\/\/previews.elleven.digital\/imf\/erro-zero\/"]}]},{"@type":"BreadcrumbList","@id":"https:\/\/previews.elleven.digital\/imf\/erro-zero\/#breadcrumb","itemListElement":[{"@type":"ListItem","position":1,"name":"In\u00edcio","item":"https:\/\/previews.elleven.digital\/imf\/"},{"@type":"ListItem","position":2,"name":"Erro Zero"}]},{"@type":"WebSite","@id":"https:\/\/previews.elleven.digital\/imf\/#website","url":"https:\/\/previews.elleven.digital\/imf\/","name":"IMF Lince","description":"Ind\u00fastria Metal\u00fargica Fabr\u00e3o","publisher":{"@id":"https:\/\/previews.elleven.digital\/imf\/#organization"},"alternateName":"IMF Lince","potentialAction":[{"@type":"SearchAction","target":{"@type":"EntryPoint","urlTemplate":"https:\/\/previews.elleven.digital\/imf\/?s={search_term_string}"},"query-input":{"@type":"PropertyValueSpecification","valueRequired":true,"valueName":"search_term_string"}}],"inLanguage":"pt-BR"},{"@type":"Organization","@id":"https:\/\/previews.elleven.digital\/imf\/#organization","name":"IMF LINCE","alternateName":"IMF LINCE","url":"https:\/\/previews.elleven.digital\/imf\/","logo":{"@type":"ImageObject","inLanguage":"pt-BR","@id":"https:\/\/previews.elleven.digital\/imf\/#\/schema\/logo\/image\/","url":"https:\/\/previews.elleven.digital\/imf\/wp-content\/uploads\/2025\/03\/Logo.png","contentUrl":"https:\/\/previews.elleven.digital\/imf\/wp-content\/uploads\/2025\/03\/Logo.png","width":696,"height":696,"caption":"IMF LINCE"},"image":{"@id":"https:\/\/previews.elleven.digital\/imf\/#\/schema\/logo\/image\/"}}]}},"_links":{"self":[{"href":"https:\/\/previews.elleven.digital\/imf\/wp-json\/wp\/v2\/pages\/300","targetHints":{"allow":["GET"]}}],"collection":[{"href":"https:\/\/previews.elleven.digital\/imf\/wp-json\/wp\/v2\/pages"}],"about":[{"href":"https:\/\/previews.elleven.digital\/imf\/wp-json\/wp\/v2\/types\/page"}],"author":[{"embeddable":true,"href":"https:\/\/previews.elleven.digital\/imf\/wp-json\/wp\/v2\/users\/1"}],"replies":[{"embeddable":true,"href":"https:\/\/previews.elleven.digital\/imf\/wp-json\/wp\/v2\/comments?post=300"}],"version-history":[{"count":9,"href":"https:\/\/previews.elleven.digital\/imf\/wp-json\/wp\/v2\/pages\/300\/revisions"}],"predecessor-version":[{"id":311,"href":"https:\/\/previews.elleven.digital\/imf\/wp-json\/wp\/v2\/pages\/300\/revisions\/311"}],"wp:attachment":[{"href":"https:\/\/previews.elleven.digital\/imf\/wp-json\/wp\/v2\/media?parent=300"}],"curies":[{"name":"wp","href":"https:\/\/api.w.org\/{rel}","templated":true}]}}