{"id":430,"date":"2025-01-31T11:40:51","date_gmt":"2025-01-31T14:40:51","guid":{"rendered":"https:\/\/previews.elleven.digital\/acocearense\/\/?post_type=produtos&#038;p=430"},"modified":"2025-05-07T21:46:25","modified_gmt":"2025-05-08T00:46:25","slug":"chapa-galvanizada","status":"publish","type":"produtos","link":"https:\/\/previews.elleven.digital\/acocearense\/produtos\/chapa-galvanizada\/","title":{"rendered":"Chapa Galvanizada"},"content":{"rendered":"<p>A Chapa Galvanizada, tamb\u00e9m conhecida como chapa zincada, possui revestimento a base de zinco, que garantemaior durabilidade.<\/p>\n<p>Apresenta boa est\u00e9tica e elevada resist\u00eancia superficial.<\/p>\n<p>\u00c9 fornecida em largura e comprimento padr\u00e3o.<\/p>\n","protected":false},"featured_media":431,"template":"","meta":{"_acf_changed":false,"inline_featured_image":false},"categoria-produto":[18],"marca-produto":[24],"class_list":["post-430","produtos","type-produtos","status-publish","has-post-thumbnail","hentry","categoria-produto-planos-e-derivados","marca-produto-aco-cearense"],"acf":{"galeria":["https:\/\/previews.elleven.digital\/acocearense\/wp-content\/uploads\/2025\/01\/CHAPA_GALVANIZADA_POSI_01-copy.png"],"descricao_previa":"Apresenta boa est\u00e9tica e elevada resist\u00eancia superficial. \u00c9 fornecida em largura e comprimento padr\u00e3o.","area_de_texto":true,"atributos_produto":[{"titulo":"Largura","descricao":[{"valor":"1.000 MM."},{"valor":"1.200 MM."}]}],"especificacoes_tecnicas":[{"acf_fc_layout":"imagem_tabela","imagem_desktop":"https:\/\/previews.elleven.digital\/acocearense\/wp-content\/uploads\/2025\/01\/Chapa-Galvanizada.png","imagem_mobile":false}]},"yoast_head":"<!-- This site is optimized with the Yoast SEO plugin v25.9 - https:\/\/yoast.com\/wordpress\/plugins\/seo\/ -->\n<title>Chapa Galvanizada - Grupo A\u00e7o Cearense<\/title>\n<meta name=\"robots\" content=\"index, follow, max-snippet:-1, max-image-preview:large, max-video-preview:-1\" \/>\n<link rel=\"canonical\" href=\"https:\/\/previews.elleven.digital\/acocearense\/produtos\/chapa-galvanizada\/\" \/>\n<meta property=\"og:locale\" content=\"pt_BR\" \/>\n<meta property=\"og:type\" content=\"article\" \/>\n<meta property=\"og:title\" content=\"Chapa Galvanizada - Grupo A\u00e7o Cearense\" \/>\n<meta property=\"og:description\" content=\"A Chapa Galvanizada, tamb\u00e9m conhecida como chapa zincada, possui revestimento a base de zinco, que(...)\" \/>\n<meta property=\"og:url\" content=\"https:\/\/previews.elleven.digital\/acocearense\/produtos\/chapa-galvanizada\/\" \/>\n<meta property=\"og:site_name\" content=\"Grupo A\u00e7o Cearense\" \/>\n<meta property=\"article:modified_time\" content=\"2025-05-08T00:46:25+00:00\" \/>\n<meta property=\"og:image\" content=\"https:\/\/previews.elleven.digital\/acocearense\/wp-content\/uploads\/2025\/01\/CHAPA_GALVANIZADA_POSI_01-copy-1024x576.png\" \/>\n\t<meta property=\"og:image:width\" content=\"1024\" \/>\n\t<meta property=\"og:image:height\" content=\"576\" \/>\n\t<meta property=\"og:image:type\" content=\"image\/png\" \/>\n<meta name=\"twitter:card\" content=\"summary_large_image\" \/>\n<meta name=\"twitter:label1\" content=\"Est. tempo de leitura\" \/>\n\t<meta name=\"twitter:data1\" content=\"1 minuto\" \/>\n<script type=\"application\/ld+json\" class=\"yoast-schema-graph\">{\"@context\":\"https:\/\/schema.org\",\"@graph\":[{\"@type\":\"WebPage\",\"@id\":\"https:\/\/previews.elleven.digital\/acocearense\/produtos\/chapa-galvanizada\/\",\"url\":\"https:\/\/previews.elleven.digital\/acocearense\/produtos\/chapa-galvanizada\/\",\"name\":\"Chapa Galvanizada - Grupo A\u00e7o Cearense\",\"isPartOf\":{\"@id\":\"https:\/\/previews.elleven.digital\/acocearense\/#website\"},\"primaryImageOfPage\":{\"@id\":\"https:\/\/previews.elleven.digital\/acocearense\/produtos\/chapa-galvanizada\/#primaryimage\"},\"image\":{\"@id\":\"https:\/\/previews.elleven.digital\/acocearense\/produtos\/chapa-galvanizada\/#primaryimage\"},\"thumbnailUrl\":\"https:\/\/previews.elleven.digital\/acocearense\/wp-content\/uploads\/2025\/01\/CHAPA_GALVANIZADA_POSI_01-copy.png\",\"datePublished\":\"2025-01-31T14:40:51+00:00\",\"dateModified\":\"2025-05-08T00:46:25+00:00\",\"breadcrumb\":{\"@id\":\"https:\/\/previews.elleven.digital\/acocearense\/produtos\/chapa-galvanizada\/#breadcrumb\"},\"inLanguage\":\"pt-BR\",\"potentialAction\":[{\"@type\":\"ReadAction\",\"target\":[\"https:\/\/previews.elleven.digital\/acocearense\/produtos\/chapa-galvanizada\/\"]}]},{\"@type\":\"ImageObject\",\"inLanguage\":\"pt-BR\",\"@id\":\"https:\/\/previews.elleven.digital\/acocearense\/produtos\/chapa-galvanizada\/#primaryimage\",\"url\":\"https:\/\/previews.elleven.digital\/acocearense\/wp-content\/uploads\/2025\/01\/CHAPA_GALVANIZADA_POSI_01-copy.png\",\"contentUrl\":\"https:\/\/previews.elleven.digital\/acocearense\/wp-content\/uploads\/2025\/01\/CHAPA_GALVANIZADA_POSI_01-copy.png\",\"width\":1417,\"height\":797},{\"@type\":\"BreadcrumbList\",\"@id\":\"https:\/\/previews.elleven.digital\/acocearense\/produtos\/chapa-galvanizada\/#breadcrumb\",\"itemListElement\":[{\"@type\":\"ListItem\",\"position\":1,\"name\":\"In\u00edcio\",\"item\":\"https:\/\/previews.elleven.digital\/acocearense\/\"},{\"@type\":\"ListItem\",\"position\":2,\"name\":\"Chapa Galvanizada\"}]},{\"@type\":\"WebSite\",\"@id\":\"https:\/\/previews.elleven.digital\/acocearense\/#website\",\"url\":\"https:\/\/previews.elleven.digital\/acocearense\/\",\"name\":\"A\u00e7o Cearense\",\"description\":\"H\u00e1 mais de 45 anos no mercado brasileiro do a\u00e7o.\",\"alternateName\":\"A\u00e7o Cearense\",\"potentialAction\":[{\"@type\":\"SearchAction\",\"target\":{\"@type\":\"EntryPoint\",\"urlTemplate\":\"https:\/\/previews.elleven.digital\/acocearense\/?s={search_term_string}\"},\"query-input\":{\"@type\":\"PropertyValueSpecification\",\"valueRequired\":true,\"valueName\":\"search_term_string\"}}],\"inLanguage\":\"pt-BR\"}]}<\/script>\n<!-- \/ Yoast SEO plugin. -->","yoast_head_json":{"title":"Chapa Galvanizada - Grupo A\u00e7o Cearense","robots":{"index":"index","follow":"follow","max-snippet":"max-snippet:-1","max-image-preview":"max-image-preview:large","max-video-preview":"max-video-preview:-1"},"canonical":"https:\/\/previews.elleven.digital\/acocearense\/produtos\/chapa-galvanizada\/","og_locale":"pt_BR","og_type":"article","og_title":"Chapa Galvanizada - Grupo A\u00e7o Cearense","og_description":"A Chapa Galvanizada, tamb\u00e9m conhecida como chapa zincada, possui revestimento a base de zinco, que(...)","og_url":"https:\/\/previews.elleven.digital\/acocearense\/produtos\/chapa-galvanizada\/","og_site_name":"Grupo A\u00e7o Cearense","article_modified_time":"2025-05-08T00:46:25+00:00","og_image":[{"width":1024,"height":576,"url":"https:\/\/previews.elleven.digital\/acocearense\/wp-content\/uploads\/2025\/01\/CHAPA_GALVANIZADA_POSI_01-copy-1024x576.png","type":"image\/png"}],"twitter_card":"summary_large_image","twitter_misc":{"Est. tempo de leitura":"1 minuto"},"schema":{"@context":"https:\/\/schema.org","@graph":[{"@type":"WebPage","@id":"https:\/\/previews.elleven.digital\/acocearense\/produtos\/chapa-galvanizada\/","url":"https:\/\/previews.elleven.digital\/acocearense\/produtos\/chapa-galvanizada\/","name":"Chapa Galvanizada - Grupo A\u00e7o Cearense","isPartOf":{"@id":"https:\/\/previews.elleven.digital\/acocearense\/#website"},"primaryImageOfPage":{"@id":"https:\/\/previews.elleven.digital\/acocearense\/produtos\/chapa-galvanizada\/#primaryimage"},"image":{"@id":"https:\/\/previews.elleven.digital\/acocearense\/produtos\/chapa-galvanizada\/#primaryimage"},"thumbnailUrl":"https:\/\/previews.elleven.digital\/acocearense\/wp-content\/uploads\/2025\/01\/CHAPA_GALVANIZADA_POSI_01-copy.png","datePublished":"2025-01-31T14:40:51+00:00","dateModified":"2025-05-08T00:46:25+00:00","breadcrumb":{"@id":"https:\/\/previews.elleven.digital\/acocearense\/produtos\/chapa-galvanizada\/#breadcrumb"},"inLanguage":"pt-BR","potentialAction":[{"@type":"ReadAction","target":["https:\/\/previews.elleven.digital\/acocearense\/produtos\/chapa-galvanizada\/"]}]},{"@type":"ImageObject","inLanguage":"pt-BR","@id":"https:\/\/previews.elleven.digital\/acocearense\/produtos\/chapa-galvanizada\/#primaryimage","url":"https:\/\/previews.elleven.digital\/acocearense\/wp-content\/uploads\/2025\/01\/CHAPA_GALVANIZADA_POSI_01-copy.png","contentUrl":"https:\/\/previews.elleven.digital\/acocearense\/wp-content\/uploads\/2025\/01\/CHAPA_GALVANIZADA_POSI_01-copy.png","width":1417,"height":797},{"@type":"BreadcrumbList","@id":"https:\/\/previews.elleven.digital\/acocearense\/produtos\/chapa-galvanizada\/#breadcrumb","itemListElement":[{"@type":"ListItem","position":1,"name":"In\u00edcio","item":"https:\/\/previews.elleven.digital\/acocearense\/"},{"@type":"ListItem","position":2,"name":"Chapa Galvanizada"}]},{"@type":"WebSite","@id":"https:\/\/previews.elleven.digital\/acocearense\/#website","url":"https:\/\/previews.elleven.digital\/acocearense\/","name":"A\u00e7o Cearense","description":"H\u00e1 mais de 45 anos no mercado brasileiro do a\u00e7o.","alternateName":"A\u00e7o Cearense","potentialAction":[{"@type":"SearchAction","target":{"@type":"EntryPoint","urlTemplate":"https:\/\/previews.elleven.digital\/acocearense\/?s={search_term_string}"},"query-input":{"@type":"PropertyValueSpecification","valueRequired":true,"valueName":"search_term_string"}}],"inLanguage":"pt-BR"}]}},"_links":{"self":[{"href":"https:\/\/previews.elleven.digital\/acocearense\/wp-json\/wp\/v2\/produtos\/430","targetHints":{"allow":["GET"]}}],"collection":[{"href":"https:\/\/previews.elleven.digital\/acocearense\/wp-json\/wp\/v2\/produtos"}],"about":[{"href":"https:\/\/previews.elleven.digital\/acocearense\/wp-json\/wp\/v2\/types\/produtos"}],"wp:featuredmedia":[{"embeddable":true,"href":"https:\/\/previews.elleven.digital\/acocearense\/wp-json\/wp\/v2\/media\/431"}],"wp:attachment":[{"href":"https:\/\/previews.elleven.digital\/acocearense\/wp-json\/wp\/v2\/media?parent=430"}],"wp:term":[{"taxonomy":"categoria-produto","embeddable":true,"href":"https:\/\/previews.elleven.digital\/acocearense\/wp-json\/wp\/v2\/categoria-produto?post=430"},{"taxonomy":"marca-produto","embeddable":true,"href":"https:\/\/previews.elleven.digital\/acocearense\/wp-json\/wp\/v2\/marca-produto?post=430"}],"curies":[{"name":"wp","href":"https:\/\/api.w.org\/{rel}","templated":true}]}}

<p>A Chapa Galvanizada, também conhecida como chapa zincada, possui revestimento a base de zinco, que garantemaior durabilidade.</p>
<p>Apresenta boa estética e elevada resistência superficial.</p>
<p>É fornecida em largura e comprimento padrão.</p>

Apresenta boa estética e elevada resistência superficial. É fornecida em largura e comprimento padrão.

<!-- This site is optimized with the Yoast SEO plugin v25.9 - https://yoast.com/wordpress/plugins/seo/ -->
<title>Chapa Galvanizada - Grupo Aço Cearense</title>
<meta name="robots" content="index, follow, max-snippet:-1, max-image-preview:large, max-video-preview:-1" />
<link rel="canonical" href="https://previews.elleven.digital/acocearense/produtos/chapa-galvanizada/" />
<meta property="og:locale" content="pt_BR" />
<meta property="og:type" content="article" />
<meta property="og:title" content="Chapa Galvanizada - Grupo Aço Cearense" />
<meta property="og:description" content="A Chapa Galvanizada, também conhecida como chapa zincada, possui revestimento a base de zinco, que(...)" />
<meta property="og:url" content="https://previews.elleven.digital/acocearense/produtos/chapa-galvanizada/" />
<meta property="og:site_name" content="Grupo Aço Cearense" />
<meta property="article:modified_time" content="2025-05-08T00:46:25+00:00" />
<meta property="og:image" content="https://previews.elleven.digital/acocearense/wp-content/uploads/2025/01/CHAPA_GALVANIZADA_POSI_01-copy-1024x576.png" />
	<meta property="og:image:width" content="1024" />
	<meta property="og:image:height" content="576" />
	<meta property="og:image:type" content="image/png" />
<meta name="twitter:card" content="summary_large_image" />
<meta name="twitter:label1" content="Est. tempo de leitura" />
	<meta name="twitter:data1" content="1 minuto" />
<script type="application/ld+json" class="yoast-schema-graph">{"@context":"https://schema.org","@graph":[{"@type":"WebPage","@id":"https://previews.elleven.digital/acocearense/produtos/chapa-galvanizada/","url":"https://previews.elleven.digital/acocearense/produtos/chapa-galvanizada/","name":"Chapa Galvanizada - Grupo Aço Cearense","isPartOf":{"@id":"https://previews.elleven.digital/acocearense/#website"},"primaryImageOfPage":{"@id":"https://previews.elleven.digital/acocearense/produtos/chapa-galvanizada/#primaryimage"},"image":{"@id":"https://previews.elleven.digital/acocearense/produtos/chapa-galvanizada/#primaryimage"},"thumbnailUrl":"https://previews.elleven.digital/acocearense/wp-content/uploads/2025/01/CHAPA_GALVANIZADA_POSI_01-copy.png","datePublished":"2025-01-31T14:40:51+00:00","dateModified":"2025-05-08T00:46:25+00:00","breadcrumb":{"@id":"https://previews.elleven.digital/acocearense/produtos/chapa-galvanizada/#breadcrumb"},"inLanguage":"pt-BR","potentialAction":[{"@type":"ReadAction","target":["https://previews.elleven.digital/acocearense/produtos/chapa-galvanizada/"]}]},{"@type":"ImageObject","inLanguage":"pt-BR","@id":"https://previews.elleven.digital/acocearense/produtos/chapa-galvanizada/#primaryimage","url":"https://previews.elleven.digital/acocearense/wp-content/uploads/2025/01/CHAPA_GALVANIZADA_POSI_01-copy.png","contentUrl":"https://previews.elleven.digital/acocearense/wp-content/uploads/2025/01/CHAPA_GALVANIZADA_POSI_01-copy.png","width":1417,"height":797},{"@type":"BreadcrumbList","@id":"https://previews.elleven.digital/acocearense/produtos/chapa-galvanizada/#breadcrumb","itemListElement":[{"@type":"ListItem","position":1,"name":"Início","item":"https://previews.elleven.digital/acocearense/"},{"@type":"ListItem","position":2,"name":"Chapa Galvanizada"}]},{"@type":"WebSite","@id":"https://previews.elleven.digital/acocearense/#website","url":"https://previews.elleven.digital/acocearense/","name":"Aço Cearense","description":"Há mais de 45 anos no mercado brasileiro do aço.","alternateName":"Aço Cearense","potentialAction":[{"@type":"SearchAction","target":{"@type":"EntryPoint","urlTemplate":"https://previews.elleven.digital/acocearense/?s={search_term_string}"},"query-input":{"@type":"PropertyValueSpecification","valueRequired":true,"valueName":"search_term_string"}}],"inLanguage":"pt-BR"}]}</script>
<!-- / Yoast SEO plugin. -->

Chapa Galvanizada - Grupo Aço Cearense

A Chapa Galvanizada, também conhecida como chapa zincada, possui revestimento a base de zinco, que(...)

Grupo Aço Cearense

Início

Aço Cearense

Há mais de 45 anos no mercado brasileiro do aço.
