{"id":428,"date":"2025-01-31T11:38:55","date_gmt":"2025-01-31T14:38:55","guid":{"rendered":"https:\/\/previews.elleven.digital\/acocearense\/\/?post_type=produtos&#038;p=428"},"modified":"2025-05-07T21:46:30","modified_gmt":"2025-05-08T00:46:30","slug":"chapa-fina-fria","status":"publish","type":"produtos","link":"https:\/\/previews.elleven.digital\/acocearense\/produtos\/chapa-fina-fria\/","title":{"rendered":"Chapa Fina Fria"},"content":{"rendered":"<p>A Chapa Fina Frio \u00e9 obtida atrav\u00e9s do processo de lamina\u00e7\u00e3o a frio. Apresenta bom acabamento e uma fina camada superficial por \u00f3leo protetivo, oriundo do processo de fabrica\u00e7\u00e3o.<\/p>\n<p>\u00c9 utilizada para aplica\u00e7\u00f5es de estampagens e cortes simples, fabrica\u00e7\u00e3o de placas e utens\u00edlios.<\/p>\n","protected":false},"featured_media":429,"template":"","meta":{"_acf_changed":false,"inline_featured_image":false},"categoria-produto":[18],"marca-produto":[24],"class_list":["post-428","produtos","type-produtos","status-publish","has-post-thumbnail","hentry","categoria-produto-planos-e-derivados","marca-produto-aco-cearense"],"acf":{"galeria":["https:\/\/previews.elleven.digital\/acocearense\/wp-content\/uploads\/2025\/01\/CHAPA_FINA_FRIA_POSI_01-copy.png"],"descricao_previa":"\u00c9 utilizada para aplica\u00e7\u00f5es de estampagens e cortes simples, fabrica\u00e7\u00e3o de placas e utens\u00edlios.","area_de_texto":false,"atributos_produto":[{"titulo":"Comprimento","descricao":[{"valor":"2000MM"},{"valor":"3000MM"}]}],"especificacoes_tecnicas":[{"acf_fc_layout":"imagem_tabela","imagem_desktop":"https:\/\/previews.elleven.digital\/acocearense\/wp-content\/uploads\/2025\/01\/Chapa-Fina-Frio.png","imagem_mobile":false}]},"yoast_head":"<!-- This site is optimized with the Yoast SEO plugin v25.9 - https:\/\/yoast.com\/wordpress\/plugins\/seo\/ -->\n<title>Chapa Fina Fria - Grupo A\u00e7o Cearense<\/title>\n<meta name=\"robots\" content=\"index, follow, max-snippet:-1, max-image-preview:large, max-video-preview:-1\" \/>\n<link rel=\"canonical\" href=\"https:\/\/previews.elleven.digital\/acocearense\/produtos\/chapa-fina-fria\/\" \/>\n<meta property=\"og:locale\" content=\"pt_BR\" \/>\n<meta property=\"og:type\" content=\"article\" \/>\n<meta property=\"og:title\" content=\"Chapa Fina Fria - Grupo A\u00e7o Cearense\" \/>\n<meta property=\"og:description\" content=\"A Chapa Fina Frio \u00e9 obtida atrav\u00e9s do processo de lamina\u00e7\u00e3o a frio. Apresenta bom(...)\" \/>\n<meta property=\"og:url\" content=\"https:\/\/previews.elleven.digital\/acocearense\/produtos\/chapa-fina-fria\/\" \/>\n<meta property=\"og:site_name\" content=\"Grupo A\u00e7o Cearense\" \/>\n<meta property=\"article:modified_time\" content=\"2025-05-08T00:46:30+00:00\" \/>\n<meta property=\"og:image\" content=\"https:\/\/previews.elleven.digital\/acocearense\/wp-content\/uploads\/2025\/01\/CHAPA_FINA_FRIA_POSI_01-copy-1024x576.png\" \/>\n\t<meta property=\"og:image:width\" content=\"1024\" \/>\n\t<meta property=\"og:image:height\" content=\"576\" \/>\n\t<meta property=\"og:image:type\" content=\"image\/png\" \/>\n<meta name=\"twitter:card\" content=\"summary_large_image\" \/>\n<meta name=\"twitter:label1\" content=\"Est. tempo de leitura\" \/>\n\t<meta name=\"twitter:data1\" content=\"1 minuto\" \/>\n<script type=\"application\/ld+json\" class=\"yoast-schema-graph\">{\"@context\":\"https:\/\/schema.org\",\"@graph\":[{\"@type\":\"WebPage\",\"@id\":\"https:\/\/previews.elleven.digital\/acocearense\/produtos\/chapa-fina-fria\/\",\"url\":\"https:\/\/previews.elleven.digital\/acocearense\/produtos\/chapa-fina-fria\/\",\"name\":\"Chapa Fina Fria - Grupo A\u00e7o Cearense\",\"isPartOf\":{\"@id\":\"https:\/\/previews.elleven.digital\/acocearense\/#website\"},\"primaryImageOfPage\":{\"@id\":\"https:\/\/previews.elleven.digital\/acocearense\/produtos\/chapa-fina-fria\/#primaryimage\"},\"image\":{\"@id\":\"https:\/\/previews.elleven.digital\/acocearense\/produtos\/chapa-fina-fria\/#primaryimage\"},\"thumbnailUrl\":\"https:\/\/previews.elleven.digital\/acocearense\/wp-content\/uploads\/2025\/01\/CHAPA_FINA_FRIA_POSI_01-copy.png\",\"datePublished\":\"2025-01-31T14:38:55+00:00\",\"dateModified\":\"2025-05-08T00:46:30+00:00\",\"breadcrumb\":{\"@id\":\"https:\/\/previews.elleven.digital\/acocearense\/produtos\/chapa-fina-fria\/#breadcrumb\"},\"inLanguage\":\"pt-BR\",\"potentialAction\":[{\"@type\":\"ReadAction\",\"target\":[\"https:\/\/previews.elleven.digital\/acocearense\/produtos\/chapa-fina-fria\/\"]}]},{\"@type\":\"ImageObject\",\"inLanguage\":\"pt-BR\",\"@id\":\"https:\/\/previews.elleven.digital\/acocearense\/produtos\/chapa-fina-fria\/#primaryimage\",\"url\":\"https:\/\/previews.elleven.digital\/acocearense\/wp-content\/uploads\/2025\/01\/CHAPA_FINA_FRIA_POSI_01-copy.png\",\"contentUrl\":\"https:\/\/previews.elleven.digital\/acocearense\/wp-content\/uploads\/2025\/01\/CHAPA_FINA_FRIA_POSI_01-copy.png\",\"width\":1417,\"height\":797},{\"@type\":\"BreadcrumbList\",\"@id\":\"https:\/\/previews.elleven.digital\/acocearense\/produtos\/chapa-fina-fria\/#breadcrumb\",\"itemListElement\":[{\"@type\":\"ListItem\",\"position\":1,\"name\":\"In\u00edcio\",\"item\":\"https:\/\/previews.elleven.digital\/acocearense\/\"},{\"@type\":\"ListItem\",\"position\":2,\"name\":\"Chapa Fina Fria\"}]},{\"@type\":\"WebSite\",\"@id\":\"https:\/\/previews.elleven.digital\/acocearense\/#website\",\"url\":\"https:\/\/previews.elleven.digital\/acocearense\/\",\"name\":\"A\u00e7o Cearense\",\"description\":\"H\u00e1 mais de 45 anos no mercado brasileiro do a\u00e7o.\",\"alternateName\":\"A\u00e7o Cearense\",\"potentialAction\":[{\"@type\":\"SearchAction\",\"target\":{\"@type\":\"EntryPoint\",\"urlTemplate\":\"https:\/\/previews.elleven.digital\/acocearense\/?s={search_term_string}\"},\"query-input\":{\"@type\":\"PropertyValueSpecification\",\"valueRequired\":true,\"valueName\":\"search_term_string\"}}],\"inLanguage\":\"pt-BR\"}]}<\/script>\n<!-- \/ Yoast SEO plugin. -->","yoast_head_json":{"title":"Chapa Fina Fria - Grupo A\u00e7o Cearense","robots":{"index":"index","follow":"follow","max-snippet":"max-snippet:-1","max-image-preview":"max-image-preview:large","max-video-preview":"max-video-preview:-1"},"canonical":"https:\/\/previews.elleven.digital\/acocearense\/produtos\/chapa-fina-fria\/","og_locale":"pt_BR","og_type":"article","og_title":"Chapa Fina Fria - Grupo A\u00e7o Cearense","og_description":"A Chapa Fina Frio \u00e9 obtida atrav\u00e9s do processo de lamina\u00e7\u00e3o a frio. Apresenta bom(...)","og_url":"https:\/\/previews.elleven.digital\/acocearense\/produtos\/chapa-fina-fria\/","og_site_name":"Grupo A\u00e7o Cearense","article_modified_time":"2025-05-08T00:46:30+00:00","og_image":[{"width":1024,"height":576,"url":"https:\/\/previews.elleven.digital\/acocearense\/wp-content\/uploads\/2025\/01\/CHAPA_FINA_FRIA_POSI_01-copy-1024x576.png","type":"image\/png"}],"twitter_card":"summary_large_image","twitter_misc":{"Est. tempo de leitura":"1 minuto"},"schema":{"@context":"https:\/\/schema.org","@graph":[{"@type":"WebPage","@id":"https:\/\/previews.elleven.digital\/acocearense\/produtos\/chapa-fina-fria\/","url":"https:\/\/previews.elleven.digital\/acocearense\/produtos\/chapa-fina-fria\/","name":"Chapa Fina Fria - Grupo A\u00e7o Cearense","isPartOf":{"@id":"https:\/\/previews.elleven.digital\/acocearense\/#website"},"primaryImageOfPage":{"@id":"https:\/\/previews.elleven.digital\/acocearense\/produtos\/chapa-fina-fria\/#primaryimage"},"image":{"@id":"https:\/\/previews.elleven.digital\/acocearense\/produtos\/chapa-fina-fria\/#primaryimage"},"thumbnailUrl":"https:\/\/previews.elleven.digital\/acocearense\/wp-content\/uploads\/2025\/01\/CHAPA_FINA_FRIA_POSI_01-copy.png","datePublished":"2025-01-31T14:38:55+00:00","dateModified":"2025-05-08T00:46:30+00:00","breadcrumb":{"@id":"https:\/\/previews.elleven.digital\/acocearense\/produtos\/chapa-fina-fria\/#breadcrumb"},"inLanguage":"pt-BR","potentialAction":[{"@type":"ReadAction","target":["https:\/\/previews.elleven.digital\/acocearense\/produtos\/chapa-fina-fria\/"]}]},{"@type":"ImageObject","inLanguage":"pt-BR","@id":"https:\/\/previews.elleven.digital\/acocearense\/produtos\/chapa-fina-fria\/#primaryimage","url":"https:\/\/previews.elleven.digital\/acocearense\/wp-content\/uploads\/2025\/01\/CHAPA_FINA_FRIA_POSI_01-copy.png","contentUrl":"https:\/\/previews.elleven.digital\/acocearense\/wp-content\/uploads\/2025\/01\/CHAPA_FINA_FRIA_POSI_01-copy.png","width":1417,"height":797},{"@type":"BreadcrumbList","@id":"https:\/\/previews.elleven.digital\/acocearense\/produtos\/chapa-fina-fria\/#breadcrumb","itemListElement":[{"@type":"ListItem","position":1,"name":"In\u00edcio","item":"https:\/\/previews.elleven.digital\/acocearense\/"},{"@type":"ListItem","position":2,"name":"Chapa Fina Fria"}]},{"@type":"WebSite","@id":"https:\/\/previews.elleven.digital\/acocearense\/#website","url":"https:\/\/previews.elleven.digital\/acocearense\/","name":"A\u00e7o Cearense","description":"H\u00e1 mais de 45 anos no mercado brasileiro do a\u00e7o.","alternateName":"A\u00e7o Cearense","potentialAction":[{"@type":"SearchAction","target":{"@type":"EntryPoint","urlTemplate":"https:\/\/previews.elleven.digital\/acocearense\/?s={search_term_string}"},"query-input":{"@type":"PropertyValueSpecification","valueRequired":true,"valueName":"search_term_string"}}],"inLanguage":"pt-BR"}]}},"_links":{"self":[{"href":"https:\/\/previews.elleven.digital\/acocearense\/wp-json\/wp\/v2\/produtos\/428","targetHints":{"allow":["GET"]}}],"collection":[{"href":"https:\/\/previews.elleven.digital\/acocearense\/wp-json\/wp\/v2\/produtos"}],"about":[{"href":"https:\/\/previews.elleven.digital\/acocearense\/wp-json\/wp\/v2\/types\/produtos"}],"wp:featuredmedia":[{"embeddable":true,"href":"https:\/\/previews.elleven.digital\/acocearense\/wp-json\/wp\/v2\/media\/429"}],"wp:attachment":[{"href":"https:\/\/previews.elleven.digital\/acocearense\/wp-json\/wp\/v2\/media?parent=428"}],"wp:term":[{"taxonomy":"categoria-produto","embeddable":true,"href":"https:\/\/previews.elleven.digital\/acocearense\/wp-json\/wp\/v2\/categoria-produto?post=428"},{"taxonomy":"marca-produto","embeddable":true,"href":"https:\/\/previews.elleven.digital\/acocearense\/wp-json\/wp\/v2\/marca-produto?post=428"}],"curies":[{"name":"wp","href":"https:\/\/api.w.org\/{rel}","templated":true}]}}

<p>A Chapa Fina Frio é obtida através do processo de laminação a frio. Apresenta bom acabamento e uma fina camada superficial por óleo protetivo, oriundo do processo de fabricação.</p>
<p>É utilizada para aplicações de estampagens e cortes simples, fabricação de placas e utensílios.</p>

É utilizada para aplicações de estampagens e cortes simples, fabricação de placas e utensílios.

<!-- This site is optimized with the Yoast SEO plugin v25.9 - https://yoast.com/wordpress/plugins/seo/ -->
<title>Chapa Fina Fria - Grupo Aço Cearense</title>
<meta name="robots" content="index, follow, max-snippet:-1, max-image-preview:large, max-video-preview:-1" />
<link rel="canonical" href="https://previews.elleven.digital/acocearense/produtos/chapa-fina-fria/" />
<meta property="og:locale" content="pt_BR" />
<meta property="og:type" content="article" />
<meta property="og:title" content="Chapa Fina Fria - Grupo Aço Cearense" />
<meta property="og:description" content="A Chapa Fina Frio é obtida através do processo de laminação a frio. Apresenta bom(...)" />
<meta property="og:url" content="https://previews.elleven.digital/acocearense/produtos/chapa-fina-fria/" />
<meta property="og:site_name" content="Grupo Aço Cearense" />
<meta property="article:modified_time" content="2025-05-08T00:46:30+00:00" />
<meta property="og:image" content="https://previews.elleven.digital/acocearense/wp-content/uploads/2025/01/CHAPA_FINA_FRIA_POSI_01-copy-1024x576.png" />
	<meta property="og:image:width" content="1024" />
	<meta property="og:image:height" content="576" />
	<meta property="og:image:type" content="image/png" />
<meta name="twitter:card" content="summary_large_image" />
<meta name="twitter:label1" content="Est. tempo de leitura" />
	<meta name="twitter:data1" content="1 minuto" />
<script type="application/ld+json" class="yoast-schema-graph">{"@context":"https://schema.org","@graph":[{"@type":"WebPage","@id":"https://previews.elleven.digital/acocearense/produtos/chapa-fina-fria/","url":"https://previews.elleven.digital/acocearense/produtos/chapa-fina-fria/","name":"Chapa Fina Fria - Grupo Aço Cearense","isPartOf":{"@id":"https://previews.elleven.digital/acocearense/#website"},"primaryImageOfPage":{"@id":"https://previews.elleven.digital/acocearense/produtos/chapa-fina-fria/#primaryimage"},"image":{"@id":"https://previews.elleven.digital/acocearense/produtos/chapa-fina-fria/#primaryimage"},"thumbnailUrl":"https://previews.elleven.digital/acocearense/wp-content/uploads/2025/01/CHAPA_FINA_FRIA_POSI_01-copy.png","datePublished":"2025-01-31T14:38:55+00:00","dateModified":"2025-05-08T00:46:30+00:00","breadcrumb":{"@id":"https://previews.elleven.digital/acocearense/produtos/chapa-fina-fria/#breadcrumb"},"inLanguage":"pt-BR","potentialAction":[{"@type":"ReadAction","target":["https://previews.elleven.digital/acocearense/produtos/chapa-fina-fria/"]}]},{"@type":"ImageObject","inLanguage":"pt-BR","@id":"https://previews.elleven.digital/acocearense/produtos/chapa-fina-fria/#primaryimage","url":"https://previews.elleven.digital/acocearense/wp-content/uploads/2025/01/CHAPA_FINA_FRIA_POSI_01-copy.png","contentUrl":"https://previews.elleven.digital/acocearense/wp-content/uploads/2025/01/CHAPA_FINA_FRIA_POSI_01-copy.png","width":1417,"height":797},{"@type":"BreadcrumbList","@id":"https://previews.elleven.digital/acocearense/produtos/chapa-fina-fria/#breadcrumb","itemListElement":[{"@type":"ListItem","position":1,"name":"Início","item":"https://previews.elleven.digital/acocearense/"},{"@type":"ListItem","position":2,"name":"Chapa Fina Fria"}]},{"@type":"WebSite","@id":"https://previews.elleven.digital/acocearense/#website","url":"https://previews.elleven.digital/acocearense/","name":"Aço Cearense","description":"Há mais de 45 anos no mercado brasileiro do aço.","alternateName":"Aço Cearense","potentialAction":[{"@type":"SearchAction","target":{"@type":"EntryPoint","urlTemplate":"https://previews.elleven.digital/acocearense/?s={search_term_string}"},"query-input":{"@type":"PropertyValueSpecification","valueRequired":true,"valueName":"search_term_string"}}],"inLanguage":"pt-BR"}]}</script>
<!-- / Yoast SEO plugin. -->

Chapa Fina Fria - Grupo Aço Cearense

A Chapa Fina Frio é obtida através do processo de laminação a frio. Apresenta bom(...)

Grupo Aço Cearense

Início

Aço Cearense

Há mais de 45 anos no mercado brasileiro do aço.
