{"id":385,"date":"2025-01-30T17:54:40","date_gmt":"2025-01-30T20:54:40","guid":{"rendered":"https:\/\/previews.elleven.digital\/acocearense\/\/?post_type=produtos&#038;p=385"},"modified":"2025-05-07T21:43:27","modified_gmt":"2025-05-08T00:43:27","slug":"telas-e-malhas","status":"publish","type":"produtos","link":"https:\/\/previews.elleven.digital\/acocearense\/produtos\/telas-e-malhas\/","title":{"rendered":"Telas e Malhas"},"content":{"rendered":"<p>As Telas e Malhas de a\u00e7o s\u00e3o utilizadas principalmente para constru\u00e7\u00e3o de lajes em concreto armado, pisos industriais e estruturas pr\u00e9-moldadas. Feitas com a\u00e7o CA 60 nervurado, que proporciona maior ader\u00eancia do a\u00e7o ao concreto, as Telas e Malhas s\u00e3o sin\u00f4nimos de qualidade, resist\u00eancia e ganho de produtividade.<\/p>\n","protected":false},"featured_media":386,"template":"","meta":{"_acf_changed":false,"inline_featured_image":false},"categoria-produto":[2],"marca-produto":[25],"class_list":["post-385","produtos","type-produtos","status-publish","has-post-thumbnail","hentry","categoria-produto-construcao-civil","marca-produto-sinobras"],"acf":{"galeria":["https:\/\/previews.elleven.digital\/acocearense\/wp-content\/uploads\/2025\/01\/TELA_POSI_01-copy.png"],"descricao_previa":"Telas e Malhas s\u00e3o sin\u00f4nimos de qualidade, resist\u00eancia e ganho de produtividade.","area_de_texto":false,"atributos_produto":[{"titulo":"MALHAS ELETROSOLDADAS L","descricao":[{"valor":"Malha Leve (EQ45)"},{"valor":"Malha M\u00e9dia (EQ61)"},{"valor":"Malha Refor\u00e7ada (EQ92)"},{"valor":"Malha Pesada (EQ138)"},{"valor":"Q61"},{"valor":"Q75"},{"valor":"Q92"},{"valor":"Q113"},{"valor":"Q138"},{"valor":"Q166"},{"valor":"Q196"},{"valor":"Q238"},{"valor":"Q283"},{"valor":"Q385"}]}],"especificacoes_tecnicas":[{"acf_fc_layout":"imagem_tabela","imagem_desktop":"https:\/\/previews.elleven.digital\/acocearense\/wp-content\/uploads\/2025\/01\/Telas-e-Malhas.png","imagem_mobile":false}]},"yoast_head":"<!-- This site is optimized with the Yoast SEO plugin v25.9 - https:\/\/yoast.com\/wordpress\/plugins\/seo\/ -->\n<title>Telas e Malhas - Grupo A\u00e7o Cearense<\/title>\n<meta name=\"robots\" content=\"index, follow, max-snippet:-1, max-image-preview:large, max-video-preview:-1\" \/>\n<link rel=\"canonical\" href=\"https:\/\/previews.elleven.digital\/acocearense\/produtos\/telas-e-malhas\/\" \/>\n<meta property=\"og:locale\" content=\"pt_BR\" \/>\n<meta property=\"og:type\" content=\"article\" \/>\n<meta property=\"og:title\" content=\"Telas e Malhas - Grupo A\u00e7o Cearense\" \/>\n<meta property=\"og:description\" content=\"As Telas e Malhas de a\u00e7o s\u00e3o utilizadas principalmente para constru\u00e7\u00e3o de lajes em concreto(...)\" \/>\n<meta property=\"og:url\" content=\"https:\/\/previews.elleven.digital\/acocearense\/produtos\/telas-e-malhas\/\" \/>\n<meta property=\"og:site_name\" content=\"Grupo A\u00e7o Cearense\" \/>\n<meta property=\"article:modified_time\" content=\"2025-05-08T00:43:27+00:00\" \/>\n<meta property=\"og:image\" content=\"https:\/\/previews.elleven.digital\/acocearense\/wp-content\/uploads\/2025\/01\/TELA_POSI_01-copy.png\" \/>\n\t<meta property=\"og:image:width\" content=\"1417\" \/>\n\t<meta property=\"og:image:height\" content=\"797\" \/>\n\t<meta property=\"og:image:type\" content=\"image\/png\" \/>\n<meta name=\"twitter:card\" content=\"summary_large_image\" \/>\n<meta name=\"twitter:label1\" content=\"Est. tempo de leitura\" \/>\n\t<meta name=\"twitter:data1\" content=\"1 minuto\" \/>\n<script type=\"application\/ld+json\" class=\"yoast-schema-graph\">{\"@context\":\"https:\/\/schema.org\",\"@graph\":[{\"@type\":\"WebPage\",\"@id\":\"https:\/\/previews.elleven.digital\/acocearense\/produtos\/telas-e-malhas\/\",\"url\":\"https:\/\/previews.elleven.digital\/acocearense\/produtos\/telas-e-malhas\/\",\"name\":\"Telas e Malhas - Grupo A\u00e7o Cearense\",\"isPartOf\":{\"@id\":\"https:\/\/previews.elleven.digital\/acocearense\/#website\"},\"primaryImageOfPage\":{\"@id\":\"https:\/\/previews.elleven.digital\/acocearense\/produtos\/telas-e-malhas\/#primaryimage\"},\"image\":{\"@id\":\"https:\/\/previews.elleven.digital\/acocearense\/produtos\/telas-e-malhas\/#primaryimage\"},\"thumbnailUrl\":\"https:\/\/previews.elleven.digital\/acocearense\/wp-content\/uploads\/2025\/01\/TELA_POSI_01-copy.png\",\"datePublished\":\"2025-01-30T20:54:40+00:00\",\"dateModified\":\"2025-05-08T00:43:27+00:00\",\"breadcrumb\":{\"@id\":\"https:\/\/previews.elleven.digital\/acocearense\/produtos\/telas-e-malhas\/#breadcrumb\"},\"inLanguage\":\"pt-BR\",\"potentialAction\":[{\"@type\":\"ReadAction\",\"target\":[\"https:\/\/previews.elleven.digital\/acocearense\/produtos\/telas-e-malhas\/\"]}]},{\"@type\":\"ImageObject\",\"inLanguage\":\"pt-BR\",\"@id\":\"https:\/\/previews.elleven.digital\/acocearense\/produtos\/telas-e-malhas\/#primaryimage\",\"url\":\"https:\/\/previews.elleven.digital\/acocearense\/wp-content\/uploads\/2025\/01\/TELA_POSI_01-copy.png\",\"contentUrl\":\"https:\/\/previews.elleven.digital\/acocearense\/wp-content\/uploads\/2025\/01\/TELA_POSI_01-copy.png\",\"width\":1417,\"height\":797},{\"@type\":\"BreadcrumbList\",\"@id\":\"https:\/\/previews.elleven.digital\/acocearense\/produtos\/telas-e-malhas\/#breadcrumb\",\"itemListElement\":[{\"@type\":\"ListItem\",\"position\":1,\"name\":\"In\u00edcio\",\"item\":\"https:\/\/previews.elleven.digital\/acocearense\/\"},{\"@type\":\"ListItem\",\"position\":2,\"name\":\"Telas e Malhas\"}]},{\"@type\":\"WebSite\",\"@id\":\"https:\/\/previews.elleven.digital\/acocearense\/#website\",\"url\":\"https:\/\/previews.elleven.digital\/acocearense\/\",\"name\":\"A\u00e7o Cearense\",\"description\":\"H\u00e1 mais de 45 anos no mercado brasileiro do a\u00e7o.\",\"alternateName\":\"A\u00e7o Cearense\",\"potentialAction\":[{\"@type\":\"SearchAction\",\"target\":{\"@type\":\"EntryPoint\",\"urlTemplate\":\"https:\/\/previews.elleven.digital\/acocearense\/?s={search_term_string}\"},\"query-input\":{\"@type\":\"PropertyValueSpecification\",\"valueRequired\":true,\"valueName\":\"search_term_string\"}}],\"inLanguage\":\"pt-BR\"}]}<\/script>\n<!-- \/ Yoast SEO plugin. -->","yoast_head_json":{"title":"Telas e Malhas - Grupo A\u00e7o Cearense","robots":{"index":"index","follow":"follow","max-snippet":"max-snippet:-1","max-image-preview":"max-image-preview:large","max-video-preview":"max-video-preview:-1"},"canonical":"https:\/\/previews.elleven.digital\/acocearense\/produtos\/telas-e-malhas\/","og_locale":"pt_BR","og_type":"article","og_title":"Telas e Malhas - Grupo A\u00e7o Cearense","og_description":"As Telas e Malhas de a\u00e7o s\u00e3o utilizadas principalmente para constru\u00e7\u00e3o de lajes em concreto(...)","og_url":"https:\/\/previews.elleven.digital\/acocearense\/produtos\/telas-e-malhas\/","og_site_name":"Grupo A\u00e7o Cearense","article_modified_time":"2025-05-08T00:43:27+00:00","og_image":[{"width":1417,"height":797,"url":"https:\/\/previews.elleven.digital\/acocearense\/wp-content\/uploads\/2025\/01\/TELA_POSI_01-copy.png","type":"image\/png"}],"twitter_card":"summary_large_image","twitter_misc":{"Est. tempo de leitura":"1 minuto"},"schema":{"@context":"https:\/\/schema.org","@graph":[{"@type":"WebPage","@id":"https:\/\/previews.elleven.digital\/acocearense\/produtos\/telas-e-malhas\/","url":"https:\/\/previews.elleven.digital\/acocearense\/produtos\/telas-e-malhas\/","name":"Telas e Malhas - Grupo A\u00e7o Cearense","isPartOf":{"@id":"https:\/\/previews.elleven.digital\/acocearense\/#website"},"primaryImageOfPage":{"@id":"https:\/\/previews.elleven.digital\/acocearense\/produtos\/telas-e-malhas\/#primaryimage"},"image":{"@id":"https:\/\/previews.elleven.digital\/acocearense\/produtos\/telas-e-malhas\/#primaryimage"},"thumbnailUrl":"https:\/\/previews.elleven.digital\/acocearense\/wp-content\/uploads\/2025\/01\/TELA_POSI_01-copy.png","datePublished":"2025-01-30T20:54:40+00:00","dateModified":"2025-05-08T00:43:27+00:00","breadcrumb":{"@id":"https:\/\/previews.elleven.digital\/acocearense\/produtos\/telas-e-malhas\/#breadcrumb"},"inLanguage":"pt-BR","potentialAction":[{"@type":"ReadAction","target":["https:\/\/previews.elleven.digital\/acocearense\/produtos\/telas-e-malhas\/"]}]},{"@type":"ImageObject","inLanguage":"pt-BR","@id":"https:\/\/previews.elleven.digital\/acocearense\/produtos\/telas-e-malhas\/#primaryimage","url":"https:\/\/previews.elleven.digital\/acocearense\/wp-content\/uploads\/2025\/01\/TELA_POSI_01-copy.png","contentUrl":"https:\/\/previews.elleven.digital\/acocearense\/wp-content\/uploads\/2025\/01\/TELA_POSI_01-copy.png","width":1417,"height":797},{"@type":"BreadcrumbList","@id":"https:\/\/previews.elleven.digital\/acocearense\/produtos\/telas-e-malhas\/#breadcrumb","itemListElement":[{"@type":"ListItem","position":1,"name":"In\u00edcio","item":"https:\/\/previews.elleven.digital\/acocearense\/"},{"@type":"ListItem","position":2,"name":"Telas e Malhas"}]},{"@type":"WebSite","@id":"https:\/\/previews.elleven.digital\/acocearense\/#website","url":"https:\/\/previews.elleven.digital\/acocearense\/","name":"A\u00e7o Cearense","description":"H\u00e1 mais de 45 anos no mercado brasileiro do a\u00e7o.","alternateName":"A\u00e7o Cearense","potentialAction":[{"@type":"SearchAction","target":{"@type":"EntryPoint","urlTemplate":"https:\/\/previews.elleven.digital\/acocearense\/?s={search_term_string}"},"query-input":{"@type":"PropertyValueSpecification","valueRequired":true,"valueName":"search_term_string"}}],"inLanguage":"pt-BR"}]}},"_links":{"self":[{"href":"https:\/\/previews.elleven.digital\/acocearense\/wp-json\/wp\/v2\/produtos\/385","targetHints":{"allow":["GET"]}}],"collection":[{"href":"https:\/\/previews.elleven.digital\/acocearense\/wp-json\/wp\/v2\/produtos"}],"about":[{"href":"https:\/\/previews.elleven.digital\/acocearense\/wp-json\/wp\/v2\/types\/produtos"}],"wp:featuredmedia":[{"embeddable":true,"href":"https:\/\/previews.elleven.digital\/acocearense\/wp-json\/wp\/v2\/media\/386"}],"wp:attachment":[{"href":"https:\/\/previews.elleven.digital\/acocearense\/wp-json\/wp\/v2\/media?parent=385"}],"wp:term":[{"taxonomy":"categoria-produto","embeddable":true,"href":"https:\/\/previews.elleven.digital\/acocearense\/wp-json\/wp\/v2\/categoria-produto?post=385"},{"taxonomy":"marca-produto","embeddable":true,"href":"https:\/\/previews.elleven.digital\/acocearense\/wp-json\/wp\/v2\/marca-produto?post=385"}],"curies":[{"name":"wp","href":"https:\/\/api.w.org\/{rel}","templated":true}]}}

<p>As Telas e Malhas de aço são utilizadas principalmente para construção de lajes em concreto armado, pisos industriais e estruturas pré-moldadas. Feitas com aço CA 60 nervurado, que proporciona maior aderência do aço ao concreto, as Telas e Malhas são sinônimos de qualidade, resistência e ganho de produtividade.</p>

Telas e Malhas são sinônimos de qualidade, resistência e ganho de produtividade.

Malha Média (EQ61)

Malha Reforçada (EQ92)

<!-- This site is optimized with the Yoast SEO plugin v25.9 - https://yoast.com/wordpress/plugins/seo/ -->
<title>Telas e Malhas - Grupo Aço Cearense</title>
<meta name="robots" content="index, follow, max-snippet:-1, max-image-preview:large, max-video-preview:-1" />
<link rel="canonical" href="https://previews.elleven.digital/acocearense/produtos/telas-e-malhas/" />
<meta property="og:locale" content="pt_BR" />
<meta property="og:type" content="article" />
<meta property="og:title" content="Telas e Malhas - Grupo Aço Cearense" />
<meta property="og:description" content="As Telas e Malhas de aço são utilizadas principalmente para construção de lajes em concreto(...)" />
<meta property="og:url" content="https://previews.elleven.digital/acocearense/produtos/telas-e-malhas/" />
<meta property="og:site_name" content="Grupo Aço Cearense" />
<meta property="article:modified_time" content="2025-05-08T00:43:27+00:00" />
<meta property="og:image" content="https://previews.elleven.digital/acocearense/wp-content/uploads/2025/01/TELA_POSI_01-copy.png" />
	<meta property="og:image:width" content="1417" />
	<meta property="og:image:height" content="797" />
	<meta property="og:image:type" content="image/png" />
<meta name="twitter:card" content="summary_large_image" />
<meta name="twitter:label1" content="Est. tempo de leitura" />
	<meta name="twitter:data1" content="1 minuto" />
<script type="application/ld+json" class="yoast-schema-graph">{"@context":"https://schema.org","@graph":[{"@type":"WebPage","@id":"https://previews.elleven.digital/acocearense/produtos/telas-e-malhas/","url":"https://previews.elleven.digital/acocearense/produtos/telas-e-malhas/","name":"Telas e Malhas - Grupo Aço Cearense","isPartOf":{"@id":"https://previews.elleven.digital/acocearense/#website"},"primaryImageOfPage":{"@id":"https://previews.elleven.digital/acocearense/produtos/telas-e-malhas/#primaryimage"},"image":{"@id":"https://previews.elleven.digital/acocearense/produtos/telas-e-malhas/#primaryimage"},"thumbnailUrl":"https://previews.elleven.digital/acocearense/wp-content/uploads/2025/01/TELA_POSI_01-copy.png","datePublished":"2025-01-30T20:54:40+00:00","dateModified":"2025-05-08T00:43:27+00:00","breadcrumb":{"@id":"https://previews.elleven.digital/acocearense/produtos/telas-e-malhas/#breadcrumb"},"inLanguage":"pt-BR","potentialAction":[{"@type":"ReadAction","target":["https://previews.elleven.digital/acocearense/produtos/telas-e-malhas/"]}]},{"@type":"ImageObject","inLanguage":"pt-BR","@id":"https://previews.elleven.digital/acocearense/produtos/telas-e-malhas/#primaryimage","url":"https://previews.elleven.digital/acocearense/wp-content/uploads/2025/01/TELA_POSI_01-copy.png","contentUrl":"https://previews.elleven.digital/acocearense/wp-content/uploads/2025/01/TELA_POSI_01-copy.png","width":1417,"height":797},{"@type":"BreadcrumbList","@id":"https://previews.elleven.digital/acocearense/produtos/telas-e-malhas/#breadcrumb","itemListElement":[{"@type":"ListItem","position":1,"name":"Início","item":"https://previews.elleven.digital/acocearense/"},{"@type":"ListItem","position":2,"name":"Telas e Malhas"}]},{"@type":"WebSite","@id":"https://previews.elleven.digital/acocearense/#website","url":"https://previews.elleven.digital/acocearense/","name":"Aço Cearense","description":"Há mais de 45 anos no mercado brasileiro do aço.","alternateName":"Aço Cearense","potentialAction":[{"@type":"SearchAction","target":{"@type":"EntryPoint","urlTemplate":"https://previews.elleven.digital/acocearense/?s={search_term_string}"},"query-input":{"@type":"PropertyValueSpecification","valueRequired":true,"valueName":"search_term_string"}}],"inLanguage":"pt-BR"}]}</script>
<!-- / Yoast SEO plugin. -->

Telas e Malhas - Grupo Aço Cearense

As Telas e Malhas de aço são utilizadas principalmente para construção de lajes em concreto(...)

Grupo Aço Cearense

Início

Aço Cearense

Há mais de 45 anos no mercado brasileiro do aço.
