{"id":676,"date":"2025-04-03T08:45:39","date_gmt":"2025-04-03T11:45:39","guid":{"rendered":"https:\/\/previews.elleven.digital\/acocearense\/?page_id=676"},"modified":"2025-05-07T17:30:36","modified_gmt":"2025-05-07T20:30:36","slug":"politica-de-cookies","status":"publish","type":"page","link":"https:\/\/previews.elleven.digital\/acocearense\/politica-de-cookies\/","title":{"rendered":"Pol\u00edtica de Cookies"},"content":{"rendered":"<h4>1. INTRODU\u00c7\u00c3O<\/h4>\n<p>Essa Pol\u00edtica de Cookies integra a Pol\u00edtica de Privacidade do Grupo A\u00e7o Cearense (composto pelas empresas A\u00e7o Cearense Comercial Ltda, A\u00e7o Cearense Industrial Ltda, Sider\u00fargica Norte Brasil S.A \u2013 SINOBRAS, Sinobras Florestal Ltda., e WMA Participa\u00e7\u00f5es S.A. e Instituto A\u00e7o Cearense), e se aplica a quaisquer sites, aplicativos ou demais servi\u00e7os na web operados por quaisquer das empresas do Grupo A\u00e7o Cearense.<\/p>\n<p>O objetivo dessa Pol\u00edtica de Cookies \u00e9 explicar, de forma transparente, como, quando e por que utilizamos cookies em nossas plataformas on-line.<\/p>\n<p>Ao acessar os nossos sites, aplicativos ou demais servi\u00e7os na web, voc\u00ea autoriza o uso Cookies de acordo com a presente Pol\u00edtica de Cookies. Caso n\u00e3o concorde com o uso de Cookies dessa forma, voc\u00ea poder\u00e1 utilizar nossas solu\u00e7\u00f5es de gerenciamento de consentimento, ou ajustar as configura\u00e7\u00f5es de seu navegador para n\u00e3o permitir seu uso.<\/p>\n<h4>2. CONCEITO E UTILIZA\u00c7\u00c3O<\/h4>\n<p>2.1. Cookies s\u00e3o pequenos arquivos de texto que podem ser colocados no seu computador ou dispositivo port\u00e1til por sites ou servi\u00e7os na web que voc\u00ea utiliza. S\u00e3o utilizados para garantir o bom funcionamento de sites e demais servi\u00e7os online, assim como para fornecer informa\u00e7\u00f5es aos propriet\u00e1rios do site ou servi\u00e7o online.<\/p>\n<p>2.2. Utilizamos cookies para melhorar o uso e a funcionalidade dos sites e demais servi\u00e7os na web compat\u00edveis do Grupo A\u00e7o Cearense e entender melhor como nossos visitantes utilizam os nossos sites e servi\u00e7os on-line, bem como as ferramentas e servi\u00e7os por eles oferecidos. Os cookies nos permitem adaptar os sites do Grupo A\u00e7o Cearense \u00e0s suas necessidades pessoais, facilitando sempre que poss\u00edvel o seu uso, receber feedback da satisfa\u00e7\u00e3o dos nossos consumidores.<\/p>\n<p>2.3. Todos os Dados Pessoais coletados atrav\u00e9s dos Cookies de nossos sites e servi\u00e7os on-line n\u00e3o s\u00e3o armazenados al\u00e9m do estritamente necess\u00e1rio.<\/p>\n<h4>3. TIPOS DE COOKIES<\/h4>\n<p>3.1. O Grupo A\u00e7o Cearense usa os seguintes tipos de Cookies em seus sites e servi\u00e7os compat\u00edveis:<\/p>\n<p>(i) Cookies de sess\u00e3o: s\u00e3o cookies de uso tempor\u00e1rio, que s\u00e3o exclu\u00eddos no momento em que voc\u00ea fecha o seu navegador. Quando voc\u00ea reinicia o seu navegador e volta para o site que criou o cookie, esse site trata voc\u00ea como um novo visitante;<\/p>\n<p>(ii) Cookies persistentes: s\u00e3o aqueles cookies que permanecem no seu navegador at\u00e9 voc\u00ea delet\u00e1-los manualmente ou at\u00e9 o seu navegador delet\u00e1-los de acordo com o per\u00edodo de dura\u00e7\u00e3o estabelecido pelo cookie. Esses cookies reconhecer\u00e3o seu retorno como visitante a um site ou servi\u00e7o na web do Grupo A\u00e7o Cearense.<\/p>\n<h4>4. CATEGORIAS E FINALIDADES DOS COOKIES QUE UTILIZAMOS<\/h4>\n<p>4.1. O Grupo A\u00e7o Cearense utiliza cookies com as caracter\u00edsticas e finalidades a seguir:<\/p>\n<p>(i) Cookies necess\u00e1rios: s\u00e3o cookies estritamente necess\u00e1rios para a opera\u00e7\u00e3o de um site ou servi\u00e7o compat\u00edvel do Grupo A\u00e7o Cearense. Eles permitem que voc\u00ea navegue pelo site e use nossos recursos;<\/p>\n<p>(ii) Cookies que nos mandam informa\u00e7\u00f5es sobre voc\u00ea: n\u00f3s colocamos esse tipo de cookies em um site ou servi\u00e7o compat\u00edvel do Grupo A\u00e7o Cearense e esses tipos de cookie s\u00f3 podem ser lidos por nossos sites e servi\u00e7os compat\u00edveis;<\/p>\n<p>(iii) Cookies em propagandas do Grupo A\u00e7o Cearense: colocamos cookies em propagandas e an\u00fancios que s\u00e3o exibidos em sites e servi\u00e7os compat\u00edveis de terceiros. Obtemos informa\u00e7\u00f5es atrav\u00e9s desses cookies quando voc\u00ea clica ou interage com a propaganda ou an\u00fancio. Neste caso, o Grupo A\u00e7o Cearense est\u00e1 colocando um cookie \u201cde terceiro\u201d. Poderemos usar esses dados obtidos por cookies de terceiros para mandar-lhe outras propagandas que acreditamos serem relevantes ou de seu interesse com base no seu comportamento anterior.<\/p>\n<p>(iv) Cookies que compartilham suas informa\u00e7\u00f5es para terceiros: s\u00e3o cookies colocados em um site do Grupo A\u00e7o Cearense por nossas companhias parceiras, como servi\u00e7os de an\u00fancios on-line. Eles podem usar os dados coletados por esses cookies para lhe enviar anonimamente propagandas direcionadas de outros sites, com base em sua visita a sites ou servi\u00e7os compat\u00edveis do Grupo A\u00e7o Cearense.<\/p>\n<h4>5. CONTROLE E EXCLUS\u00c3O DE COOKIES<\/h4>\n<p>5.1. Voc\u00ea, usu\u00e1rio, tem plena liberdade para aceitar ou n\u00e3o os Cookies inseridos em nossos sites ou servi\u00e7os na web, podendo, inclusive, ajustar as configura\u00e7\u00f5es do seu computador ou dispositivo port\u00e1til para que reflitam sua escolha.<\/p>\n<p>5.2. A maioria dos navegadores permite que voc\u00ea estabele\u00e7a regras para avis\u00e1-lo antes de aceitar Cookies ou simplesmente recus\u00e1-los.<\/p>\n<p>5.3. Existem v\u00e1rias formas de gerenciar Cookies. Consulte as instru\u00e7\u00f5es do seu navegador de como realizar esse tipo de configura\u00e7\u00e3o. Lembre-se que se voc\u00ea usar navegadores, ou mesmo computadores e\/ou dispositivos port\u00e1teis diferentes em locais diferentes, voc\u00ea precisar\u00e1 se assegurar de que cada dispositivo e navegador esteja ajustado para suas prefer\u00eancias pessoais de Cookies.<\/p>\n<p>5.4. Voc\u00ea n\u00e3o precisa ter Cookies habilitados para usar ou navegar a maior parte dos sites e servi\u00e7os on-line do Grupo A\u00e7o Cearense. Entretanto, caso os desabilite, n\u00e3o podemos assegurar que voc\u00ea vai conseguir acessar todos os recursos dispon\u00edveis em nossos sites, aplicativos ou servi\u00e7os na web.<\/p>\n<h4>6. OUTRAS TECNOLOGIAS DE RASTREAMENTO SIMILARES A COOKIES<\/h4>\n<p>6.1. Os sites e servi\u00e7os na web do Grupo A\u00e7o Cearense tamb\u00e9m podem usar outras tecnologias de rastreamento similares a cookies, que podem coletar informa\u00e7\u00f5es tais como endere\u00e7os IP, arquivos de registro e sinalizadores da web (web beacons), dentre outras. Esses dados tamb\u00e9m s\u00e3o utilizados para nos ajudar a adaptar os sites e demais servi\u00e7os compat\u00edveis do Grupo A\u00e7o Cearense \u00e0s suas necessidades pessoais.<\/p>\n<p>6.2. A seguir detalhamos quais suas finalidades:<\/p>\n<p>6.2.1. Endere\u00e7os de IP: um endere\u00e7o de IP \u00e9 um n\u00famero usado na internet ou em uma rede para identificar seu computador. Todas as vezes que voc\u00ea se conecta na internet seu computador recebe um IP atribu\u00eddo pelo seu provedor de servi\u00e7os de internet. Podemos registrar Endere\u00e7os de IP para as seguintes finalidades:<\/p>\n<p>(i) Tratamento de problemas t\u00e9cnicos;<br \/>\n(ii) Manuten\u00e7\u00e3o da prote\u00e7\u00e3o e seguran\u00e7a dos nossos sites e demais servi\u00e7os on\u2013line;<br \/>\n(iii) Obter uma melhor compreens\u00e3o de como nossos sites e demais servi\u00e7os on\u2013line s\u00e3o utilizados;<br \/>\n(iv) Adaptar nosso conte\u00fado \u00e0s suas necessidades, dependendo da sua localiza\u00e7\u00e3o geogr\u00e1fica.<\/p>\n<p>6.2.2. Arquivos de Registro: o Grupo A\u00e7o Cearense ou um terceiro trabalhando em nosso nome, poder\u00e1 coletar informa\u00e7\u00f5es na forma de arquivos de registro (logs) que detalham as atividades do site e coletam estat\u00edsticas sobre os h\u00e1bitos de navega\u00e7\u00e3o do usu\u00e1rio. Normalmente esses registros s\u00e3o gerados anonimamente e nos ajudam a entender detalhes como:<\/p>\n<p>(i) O tipo de navegador e o sistema utilizado pelos usu\u00e1rios de nossos sites ou servi\u00e7os online;<br \/>\n(ii) Detalhes sobre a sess\u00e3o do usu\u00e1rio, incluindo a URL de origem, a data, hora e quais p\u00e1ginas o usu\u00e1rio visitou em nossos sites e servi\u00e7os compat\u00edveis, e quanto tempo o usu\u00e1rio permaneceu utilizando-os;<br \/>\n(iii) Demais detalhes de navega\u00e7\u00e3o ou de contagem de cliques incluindo relat\u00f3rios de tr\u00e1fego de site, contagem de visitantes \u00fanicos e dados similares.<\/p>\n<p>6.2.3. Sinalizadores da web (web beacons): n\u00f3s podemos utilizar os sinalizadores da web (ou GIFs transparentes) nos sites do Grupo A\u00e7o Cearense. Os sinalizadores da web (tamb\u00e9m conhecidos como webbugs ou web beacons) s\u00e3o pequenas sequencias de c\u00f3digo que permitem a entrega de uma imagem gr\u00e1fica em uma p\u00e1gina da web com o objetivo de transferir dados de volta para n\u00f3s. Usamos as informa\u00e7\u00f5es dos sinalizadores da web para os mais variados prop\u00f3sitos, incluindo:<\/p>\n<p>(i) Entender como um usu\u00e1rio responde a campanhas de e-mail;<br \/>\n(ii) Relat\u00f3rios de tr\u00e1fego dos nossos sites e servi\u00e7os compat\u00edveis;<br \/>\n(iii) Realizar a contagem de visitantes \u00fanicos, auditoria e relat\u00f3rios de propaganda e e-mail, e personaliza\u00e7\u00e3o em nossos sites e demais servi\u00e7os compat\u00edveis.<\/p>\n<h4>7. SOBRE ESSA POL\u00cdTICA<\/h4>\n<p>7.1. Para quaisquer quest\u00f5es sobre essa Pol\u00edtica de Cookies voc\u00ea poder\u00e1 entrar em contato por meio dos Canais de Comunica\u00e7\u00e3o estabelecidos em nossa Pol\u00edtica de Privacidade, ou atrav\u00e9s do endere\u00e7o: <a href=\"https:\/\/previews.elleven.digital\/acocearense\/o-grupo\/politica-de-privacidade\/\">https:\/\/previews.elleven.digital\/acocearense\/o-grupo\/politica-de-privacidade\/<\/a>.<\/p>\n","protected":false},"excerpt":{"rendered":"<p>1. INTRODU\u00c7\u00c3O Essa Pol\u00edtica de Cookies integra a Pol\u00edtica de Privacidade do Grupo A\u00e7o Cearense(&#8230;)<\/p>\n","protected":false},"author":1,"featured_media":0,"parent":0,"menu_order":0,"comment_status":"closed","ping_status":"closed","template":"page-politica.php","meta":{"_acf_changed":false,"inline_featured_image":false,"footnotes":""},"class_list":["post-676","page","type-page","status-publish","hentry"],"acf":{"banner":"https:\/\/previews.elleven.digital\/acocearense\/wp-content\/uploads\/2025\/04\/aco-quemsomos.jpg"},"yoast_head":"<!-- This site is optimized with the Yoast SEO plugin v25.9 - https:\/\/yoast.com\/wordpress\/plugins\/seo\/ -->\n<title>Pol\u00edtica de Cookies - Grupo A\u00e7o Cearense<\/title>\n<meta name=\"robots\" content=\"index, follow, max-snippet:-1, max-image-preview:large, max-video-preview:-1\" \/>\n<link rel=\"canonical\" href=\"https:\/\/previews.elleven.digital\/acocearense\/politica-de-cookies\/\" \/>\n<meta property=\"og:locale\" content=\"pt_BR\" \/>\n<meta property=\"og:type\" content=\"article\" \/>\n<meta property=\"og:title\" content=\"Pol\u00edtica de Cookies - Grupo A\u00e7o Cearense\" \/>\n<meta property=\"og:description\" content=\"1. INTRODU\u00c7\u00c3O Essa Pol\u00edtica de Cookies integra a Pol\u00edtica de Privacidade do Grupo A\u00e7o Cearense(...)\" \/>\n<meta property=\"og:url\" content=\"https:\/\/previews.elleven.digital\/acocearense\/politica-de-cookies\/\" \/>\n<meta property=\"og:site_name\" content=\"Grupo A\u00e7o Cearense\" \/>\n<meta property=\"article:modified_time\" content=\"2025-05-07T20:30:36+00:00\" \/>\n<meta property=\"og:image\" content=\"https:\/\/previews.elleven.digital\/acocearense\/wp-content\/uploads\/2025\/03\/open-graph.png\" \/>\n\t<meta property=\"og:image:width\" content=\"1200\" \/>\n\t<meta property=\"og:image:height\" content=\"675\" \/>\n\t<meta property=\"og:image:type\" content=\"image\/png\" \/>\n<meta name=\"twitter:card\" content=\"summary_large_image\" \/>\n<meta name=\"twitter:label1\" content=\"Est. tempo de leitura\" \/>\n\t<meta name=\"twitter:data1\" content=\"7 minutos\" \/>\n<script type=\"application\/ld+json\" class=\"yoast-schema-graph\">{\"@context\":\"https:\/\/schema.org\",\"@graph\":[{\"@type\":\"WebPage\",\"@id\":\"https:\/\/previews.elleven.digital\/acocearense\/politica-de-cookies\/\",\"url\":\"https:\/\/previews.elleven.digital\/acocearense\/politica-de-cookies\/\",\"name\":\"Pol\u00edtica de Cookies - Grupo A\u00e7o Cearense\",\"isPartOf\":{\"@id\":\"https:\/\/previews.elleven.digital\/acocearense\/#website\"},\"datePublished\":\"2025-04-03T11:45:39+00:00\",\"dateModified\":\"2025-05-07T20:30:36+00:00\",\"breadcrumb\":{\"@id\":\"https:\/\/previews.elleven.digital\/acocearense\/politica-de-cookies\/#breadcrumb\"},\"inLanguage\":\"pt-BR\",\"potentialAction\":[{\"@type\":\"ReadAction\",\"target\":[\"https:\/\/previews.elleven.digital\/acocearense\/politica-de-cookies\/\"]}]},{\"@type\":\"BreadcrumbList\",\"@id\":\"https:\/\/previews.elleven.digital\/acocearense\/politica-de-cookies\/#breadcrumb\",\"itemListElement\":[{\"@type\":\"ListItem\",\"position\":1,\"name\":\"In\u00edcio\",\"item\":\"https:\/\/previews.elleven.digital\/acocearense\/\"},{\"@type\":\"ListItem\",\"position\":2,\"name\":\"Pol\u00edtica de Cookies\"}]},{\"@type\":\"WebSite\",\"@id\":\"https:\/\/previews.elleven.digital\/acocearense\/#website\",\"url\":\"https:\/\/previews.elleven.digital\/acocearense\/\",\"name\":\"A\u00e7o Cearense\",\"description\":\"H\u00e1 mais de 45 anos no mercado brasileiro do a\u00e7o.\",\"alternateName\":\"A\u00e7o Cearense\",\"potentialAction\":[{\"@type\":\"SearchAction\",\"target\":{\"@type\":\"EntryPoint\",\"urlTemplate\":\"https:\/\/previews.elleven.digital\/acocearense\/?s={search_term_string}\"},\"query-input\":{\"@type\":\"PropertyValueSpecification\",\"valueRequired\":true,\"valueName\":\"search_term_string\"}}],\"inLanguage\":\"pt-BR\"}]}<\/script>\n<!-- \/ Yoast SEO plugin. -->","yoast_head_json":{"title":"Pol\u00edtica de Cookies - Grupo A\u00e7o Cearense","robots":{"index":"index","follow":"follow","max-snippet":"max-snippet:-1","max-image-preview":"max-image-preview:large","max-video-preview":"max-video-preview:-1"},"canonical":"https:\/\/previews.elleven.digital\/acocearense\/politica-de-cookies\/","og_locale":"pt_BR","og_type":"article","og_title":"Pol\u00edtica de Cookies - Grupo A\u00e7o Cearense","og_description":"1. INTRODU\u00c7\u00c3O Essa Pol\u00edtica de Cookies integra a Pol\u00edtica de Privacidade do Grupo A\u00e7o Cearense(...)","og_url":"https:\/\/previews.elleven.digital\/acocearense\/politica-de-cookies\/","og_site_name":"Grupo A\u00e7o Cearense","article_modified_time":"2025-05-07T20:30:36+00:00","og_image":[{"width":1200,"height":675,"url":"https:\/\/previews.elleven.digital\/acocearense\/wp-content\/uploads\/2025\/03\/open-graph.png","type":"image\/png"}],"twitter_card":"summary_large_image","twitter_misc":{"Est. tempo de leitura":"7 minutos"},"schema":{"@context":"https:\/\/schema.org","@graph":[{"@type":"WebPage","@id":"https:\/\/previews.elleven.digital\/acocearense\/politica-de-cookies\/","url":"https:\/\/previews.elleven.digital\/acocearense\/politica-de-cookies\/","name":"Pol\u00edtica de Cookies - Grupo A\u00e7o Cearense","isPartOf":{"@id":"https:\/\/previews.elleven.digital\/acocearense\/#website"},"datePublished":"2025-04-03T11:45:39+00:00","dateModified":"2025-05-07T20:30:36+00:00","breadcrumb":{"@id":"https:\/\/previews.elleven.digital\/acocearense\/politica-de-cookies\/#breadcrumb"},"inLanguage":"pt-BR","potentialAction":[{"@type":"ReadAction","target":["https:\/\/previews.elleven.digital\/acocearense\/politica-de-cookies\/"]}]},{"@type":"BreadcrumbList","@id":"https:\/\/previews.elleven.digital\/acocearense\/politica-de-cookies\/#breadcrumb","itemListElement":[{"@type":"ListItem","position":1,"name":"In\u00edcio","item":"https:\/\/previews.elleven.digital\/acocearense\/"},{"@type":"ListItem","position":2,"name":"Pol\u00edtica de Cookies"}]},{"@type":"WebSite","@id":"https:\/\/previews.elleven.digital\/acocearense\/#website","url":"https:\/\/previews.elleven.digital\/acocearense\/","name":"A\u00e7o Cearense","description":"H\u00e1 mais de 45 anos no mercado brasileiro do a\u00e7o.","alternateName":"A\u00e7o Cearense","potentialAction":[{"@type":"SearchAction","target":{"@type":"EntryPoint","urlTemplate":"https:\/\/previews.elleven.digital\/acocearense\/?s={search_term_string}"},"query-input":{"@type":"PropertyValueSpecification","valueRequired":true,"valueName":"search_term_string"}}],"inLanguage":"pt-BR"}]}},"_links":{"self":[{"href":"https:\/\/previews.elleven.digital\/acocearense\/wp-json\/wp\/v2\/pages\/676","targetHints":{"allow":["GET"]}}],"collection":[{"href":"https:\/\/previews.elleven.digital\/acocearense\/wp-json\/wp\/v2\/pages"}],"about":[{"href":"https:\/\/previews.elleven.digital\/acocearense\/wp-json\/wp\/v2\/types\/page"}],"author":[{"embeddable":true,"href":"https:\/\/previews.elleven.digital\/acocearense\/wp-json\/wp\/v2\/users\/1"}],"replies":[{"embeddable":true,"href":"https:\/\/previews.elleven.digital\/acocearense\/wp-json\/wp\/v2\/comments?post=676"}],"version-history":[{"count":3,"href":"https:\/\/previews.elleven.digital\/acocearense\/wp-json\/wp\/v2\/pages\/676\/revisions"}],"predecessor-version":[{"id":2135,"href":"https:\/\/previews.elleven.digital\/acocearense\/wp-json\/wp\/v2\/pages\/676\/revisions\/2135"}],"wp:attachment":[{"href":"https:\/\/previews.elleven.digital\/acocearense\/wp-json\/wp\/v2\/media?parent=676"}],"curies":[{"name":"wp","href":"https:\/\/api.w.org\/{rel}","templated":true}]}}