{"id":441,"date":"2025-01-31T11:58:57","date_gmt":"2025-01-31T14:58:57","guid":{"rendered":"https:\/\/previews.elleven.digital\/acocearense\/\/?post_type=produtos&#038;p=441"},"modified":"2025-05-07T21:46:08","modified_gmt":"2025-05-08T00:46:08","slug":"cumeeira","status":"publish","type":"produtos","link":"https:\/\/previews.elleven.digital\/acocearense\/en\/produtos\/cumeeira\/","title":{"rendered":"Ridge"},"content":{"rendered":"<p>Complementary product in the assembly and finishing of<br \/>\nmetal coverings and closures, the Ridge is<br \/>\nproduced in the same shapes (trapezoidal or wavy),<br \/>\nthicknesses and coatings of the tiles.<\/p>","protected":false},"featured_media":442,"template":"","meta":{"_acf_changed":false,"inline_featured_image":false},"categoria-produto":[18],"marca-produto":[24],"class_list":["post-441","produtos","type-produtos","status-publish","has-post-thumbnail","hentry","categoria-produto-planos-e-derivados","marca-produto-aco-cearense"],"acf":{"galeria":["https:\/\/previews.elleven.digital\/acocearense\/wp-content\/uploads\/2025\/01\/CUMEEIRA_POSI_02-copy.png"],"descricao_previa":"Produto complementar na montagem e acabamento das coberturas e fechamentos met\u00e1licos.","area_de_texto":true,"atributos_produto":false,"especificacoes_tecnicas":[{"acf_fc_layout":"imagem_tabela","imagem_desktop":"https:\/\/previews.elleven.digital\/acocearense\/wp-content\/uploads\/2025\/01\/Captura-de-tela-2025-01-31-115716.png","imagem_mobile":false}]},"yoast_head":"<!-- This site is optimized with the Yoast SEO plugin v25.9 - https:\/\/yoast.com\/wordpress\/plugins\/seo\/ -->\n<title>Cumeeira - Grupo A\u00e7o Cearense<\/title>\n<meta name=\"robots\" content=\"index, follow, max-snippet:-1, max-image-preview:large, max-video-preview:-1\" \/>\n<link rel=\"canonical\" href=\"https:\/\/previews.elleven.digital\/acocearense\/en\/produtos\/cumeeira\/\" \/>\n<meta property=\"og:locale\" content=\"en_US\" \/>\n<meta property=\"og:type\" content=\"article\" \/>\n<meta property=\"og:title\" content=\"Cumeeira - Grupo A\u00e7o Cearense\" \/>\n<meta property=\"og:description\" content=\"Produto complementar na montagem e acabamento das coberturas e fechamentos met\u00e1licos, a Cumeeira \u00e9 produzida(...)\" \/>\n<meta property=\"og:url\" content=\"https:\/\/previews.elleven.digital\/acocearense\/en\/produtos\/cumeeira\/\" \/>\n<meta property=\"og:site_name\" content=\"Grupo A\u00e7o Cearense\" \/>\n<meta property=\"article:modified_time\" content=\"2025-05-08T00:46:08+00:00\" \/>\n<meta property=\"og:image\" content=\"https:\/\/previews.elleven.digital\/acocearense\/wp-content\/uploads\/2025\/01\/CUMEEIRA_POSI_02-copy-1024x576.png\" \/>\n\t<meta property=\"og:image:width\" content=\"1024\" \/>\n\t<meta property=\"og:image:height\" content=\"576\" \/>\n\t<meta property=\"og:image:type\" content=\"image\/png\" \/>\n<meta name=\"twitter:card\" content=\"summary_large_image\" \/>\n<meta name=\"twitter:label1\" content=\"Est. reading time\" \/>\n\t<meta name=\"twitter:data1\" content=\"1 minute\" \/>\n<script type=\"application\/ld+json\" class=\"yoast-schema-graph\">{\"@context\":\"https:\/\/schema.org\",\"@graph\":[{\"@type\":\"WebPage\",\"@id\":\"https:\/\/previews.elleven.digital\/acocearense\/produtos\/cumeeira\/\",\"url\":\"https:\/\/previews.elleven.digital\/acocearense\/produtos\/cumeeira\/\",\"name\":\"Cumeeira - Grupo A\u00e7o Cearense\",\"isPartOf\":{\"@id\":\"https:\/\/previews.elleven.digital\/acocearense\/#website\"},\"primaryImageOfPage\":{\"@id\":\"https:\/\/previews.elleven.digital\/acocearense\/produtos\/cumeeira\/#primaryimage\"},\"image\":{\"@id\":\"https:\/\/previews.elleven.digital\/acocearense\/produtos\/cumeeira\/#primaryimage\"},\"thumbnailUrl\":\"https:\/\/previews.elleven.digital\/acocearense\/wp-content\/uploads\/2025\/01\/CUMEEIRA_POSI_02-copy.png\",\"datePublished\":\"2025-01-31T14:58:57+00:00\",\"dateModified\":\"2025-05-08T00:46:08+00:00\",\"breadcrumb\":{\"@id\":\"https:\/\/previews.elleven.digital\/acocearense\/produtos\/cumeeira\/#breadcrumb\"},\"inLanguage\":\"en-US\",\"potentialAction\":[{\"@type\":\"ReadAction\",\"target\":[\"https:\/\/previews.elleven.digital\/acocearense\/produtos\/cumeeira\/\"]}]},{\"@type\":\"ImageObject\",\"inLanguage\":\"en-US\",\"@id\":\"https:\/\/previews.elleven.digital\/acocearense\/produtos\/cumeeira\/#primaryimage\",\"url\":\"https:\/\/previews.elleven.digital\/acocearense\/wp-content\/uploads\/2025\/01\/CUMEEIRA_POSI_02-copy.png\",\"contentUrl\":\"https:\/\/previews.elleven.digital\/acocearense\/wp-content\/uploads\/2025\/01\/CUMEEIRA_POSI_02-copy.png\",\"width\":1417,\"height\":797},{\"@type\":\"BreadcrumbList\",\"@id\":\"https:\/\/previews.elleven.digital\/acocearense\/produtos\/cumeeira\/#breadcrumb\",\"itemListElement\":[{\"@type\":\"ListItem\",\"position\":1,\"name\":\"In\u00edcio\",\"item\":\"https:\/\/previews.elleven.digital\/acocearense\/\"},{\"@type\":\"ListItem\",\"position\":2,\"name\":\"Cumeeira\"}]},{\"@type\":\"WebSite\",\"@id\":\"https:\/\/previews.elleven.digital\/acocearense\/#website\",\"url\":\"https:\/\/previews.elleven.digital\/acocearense\/\",\"name\":\"A\u00e7o Cearense\",\"description\":\"H\u00e1 mais de 45 anos no mercado brasileiro do a\u00e7o.\",\"alternateName\":\"A\u00e7o Cearense\",\"potentialAction\":[{\"@type\":\"SearchAction\",\"target\":{\"@type\":\"EntryPoint\",\"urlTemplate\":\"https:\/\/previews.elleven.digital\/acocearense\/?s={search_term_string}\"},\"query-input\":{\"@type\":\"PropertyValueSpecification\",\"valueRequired\":true,\"valueName\":\"search_term_string\"}}],\"inLanguage\":\"en-US\"}]}<\/script>\n<!-- \/ Yoast SEO plugin. -->","yoast_head_json":{"title":"Cumeeira - Grupo A\u00e7o Cearense","robots":{"index":"index","follow":"follow","max-snippet":"max-snippet:-1","max-image-preview":"max-image-preview:large","max-video-preview":"max-video-preview:-1"},"canonical":"https:\/\/previews.elleven.digital\/acocearense\/en\/produtos\/cumeeira\/","og_locale":"en_US","og_type":"article","og_title":"Cumeeira - Grupo A\u00e7o Cearense","og_description":"Produto complementar na montagem e acabamento das coberturas e fechamentos met\u00e1licos, a Cumeeira \u00e9 produzida(...)","og_url":"https:\/\/previews.elleven.digital\/acocearense\/en\/produtos\/cumeeira\/","og_site_name":"Grupo A\u00e7o Cearense","article_modified_time":"2025-05-08T00:46:08+00:00","og_image":[{"width":1024,"height":576,"url":"https:\/\/previews.elleven.digital\/acocearense\/wp-content\/uploads\/2025\/01\/CUMEEIRA_POSI_02-copy-1024x576.png","type":"image\/png"}],"twitter_card":"summary_large_image","twitter_misc":{"Est. reading time":"1 minute"},"schema":{"@context":"https:\/\/schema.org","@graph":[{"@type":"WebPage","@id":"https:\/\/previews.elleven.digital\/acocearense\/produtos\/cumeeira\/","url":"https:\/\/previews.elleven.digital\/acocearense\/produtos\/cumeeira\/","name":"Cumeeira - Grupo A\u00e7o Cearense","isPartOf":{"@id":"https:\/\/previews.elleven.digital\/acocearense\/#website"},"primaryImageOfPage":{"@id":"https:\/\/previews.elleven.digital\/acocearense\/produtos\/cumeeira\/#primaryimage"},"image":{"@id":"https:\/\/previews.elleven.digital\/acocearense\/produtos\/cumeeira\/#primaryimage"},"thumbnailUrl":"https:\/\/previews.elleven.digital\/acocearense\/wp-content\/uploads\/2025\/01\/CUMEEIRA_POSI_02-copy.png","datePublished":"2025-01-31T14:58:57+00:00","dateModified":"2025-05-08T00:46:08+00:00","breadcrumb":{"@id":"https:\/\/previews.elleven.digital\/acocearense\/produtos\/cumeeira\/#breadcrumb"},"inLanguage":"en-US","potentialAction":[{"@type":"ReadAction","target":["https:\/\/previews.elleven.digital\/acocearense\/produtos\/cumeeira\/"]}]},{"@type":"ImageObject","inLanguage":"en-US","@id":"https:\/\/previews.elleven.digital\/acocearense\/produtos\/cumeeira\/#primaryimage","url":"https:\/\/previews.elleven.digital\/acocearense\/wp-content\/uploads\/2025\/01\/CUMEEIRA_POSI_02-copy.png","contentUrl":"https:\/\/previews.elleven.digital\/acocearense\/wp-content\/uploads\/2025\/01\/CUMEEIRA_POSI_02-copy.png","width":1417,"height":797},{"@type":"BreadcrumbList","@id":"https:\/\/previews.elleven.digital\/acocearense\/produtos\/cumeeira\/#breadcrumb","itemListElement":[{"@type":"ListItem","position":1,"name":"In\u00edcio","item":"https:\/\/previews.elleven.digital\/acocearense\/"},{"@type":"ListItem","position":2,"name":"Cumeeira"}]},{"@type":"WebSite","@id":"https:\/\/previews.elleven.digital\/acocearense\/#website","url":"https:\/\/previews.elleven.digital\/acocearense\/","name":"Cear\u00e1 Steel","description":"We have been in the Brazilian steel market for over 45 years.","alternateName":"A\u00e7o Cearense","potentialAction":[{"@type":"SearchAction","target":{"@type":"EntryPoint","urlTemplate":"https:\/\/previews.elleven.digital\/acocearense\/?s={search_term_string}"},"query-input":{"@type":"PropertyValueSpecification","valueRequired":true,"valueName":"search_term_string"}}],"inLanguage":"en-US"}]}},"_links":{"self":[{"href":"https:\/\/previews.elleven.digital\/acocearense\/en\/wp-json\/wp\/v2\/produtos\/441","targetHints":{"allow":["GET"]}}],"collection":[{"href":"https:\/\/previews.elleven.digital\/acocearense\/en\/wp-json\/wp\/v2\/produtos"}],"about":[{"href":"https:\/\/previews.elleven.digital\/acocearense\/en\/wp-json\/wp\/v2\/types\/produtos"}],"wp:featuredmedia":[{"embeddable":true,"href":"https:\/\/previews.elleven.digital\/acocearense\/en\/wp-json\/wp\/v2\/media\/442"}],"wp:attachment":[{"href":"https:\/\/previews.elleven.digital\/acocearense\/en\/wp-json\/wp\/v2\/media?parent=441"}],"wp:term":[{"taxonomy":"categoria-produto","embeddable":true,"href":"https:\/\/previews.elleven.digital\/acocearense\/en\/wp-json\/wp\/v2\/categoria-produto?post=441"},{"taxonomy":"marca-produto","embeddable":true,"href":"https:\/\/previews.elleven.digital\/acocearense\/en\/wp-json\/wp\/v2\/marca-produto?post=441"}],"curies":[{"name":"wp","href":"https:\/\/api.w.org\/{rel}","templated":true}]}}

Produto complementar na montagem e acabamento das coberturas e fechamentos metálicos.

<!-- This site is optimized with the Yoast SEO plugin v25.9 - https://yoast.com/wordpress/plugins/seo/ -->
<title>Cumeeira - Grupo Aço Cearense</title>
<meta name="robots" content="index, follow, max-snippet:-1, max-image-preview:large, max-video-preview:-1" />
<link rel="canonical" href="https://previews.elleven.digital/acocearense/en/produtos/cumeeira/" />
<meta property="og:locale" content="en_US" />
<meta property="og:type" content="article" />
<meta property="og:title" content="Cumeeira - Grupo Aço Cearense" />
<meta property="og:description" content="Produto complementar na montagem e acabamento das coberturas e fechamentos metálicos, a Cumeeira é produzida(...)" />
<meta property="og:url" content="https://previews.elleven.digital/acocearense/en/produtos/cumeeira/" />
<meta property="og:site_name" content="Grupo Aço Cearense" />
<meta property="article:modified_time" content="2025-05-08T00:46:08+00:00" />
<meta property="og:image" content="https://previews.elleven.digital/acocearense/wp-content/uploads/2025/01/CUMEEIRA_POSI_02-copy-1024x576.png" />
	<meta property="og:image:width" content="1024" />
	<meta property="og:image:height" content="576" />
	<meta property="og:image:type" content="image/png" />
<meta name="twitter:card" content="summary_large_image" />
<meta name="twitter:label1" content="Est. reading time" />
	<meta name="twitter:data1" content="1 minute" />
<script type="application/ld+json" class="yoast-schema-graph">{"@context":"https://schema.org","@graph":[{"@type":"WebPage","@id":"https://previews.elleven.digital/acocearense/produtos/cumeeira/","url":"https://previews.elleven.digital/acocearense/produtos/cumeeira/","name":"Cumeeira - Grupo Aço Cearense","isPartOf":{"@id":"https://previews.elleven.digital/acocearense/#website"},"primaryImageOfPage":{"@id":"https://previews.elleven.digital/acocearense/produtos/cumeeira/#primaryimage"},"image":{"@id":"https://previews.elleven.digital/acocearense/produtos/cumeeira/#primaryimage"},"thumbnailUrl":"https://previews.elleven.digital/acocearense/wp-content/uploads/2025/01/CUMEEIRA_POSI_02-copy.png","datePublished":"2025-01-31T14:58:57+00:00","dateModified":"2025-05-08T00:46:08+00:00","breadcrumb":{"@id":"https://previews.elleven.digital/acocearense/produtos/cumeeira/#breadcrumb"},"inLanguage":"en-US","potentialAction":[{"@type":"ReadAction","target":["https://previews.elleven.digital/acocearense/produtos/cumeeira/"]}]},{"@type":"ImageObject","inLanguage":"en-US","@id":"https://previews.elleven.digital/acocearense/produtos/cumeeira/#primaryimage","url":"https://previews.elleven.digital/acocearense/wp-content/uploads/2025/01/CUMEEIRA_POSI_02-copy.png","contentUrl":"https://previews.elleven.digital/acocearense/wp-content/uploads/2025/01/CUMEEIRA_POSI_02-copy.png","width":1417,"height":797},{"@type":"BreadcrumbList","@id":"https://previews.elleven.digital/acocearense/produtos/cumeeira/#breadcrumb","itemListElement":[{"@type":"ListItem","position":1,"name":"Início","item":"https://previews.elleven.digital/acocearense/"},{"@type":"ListItem","position":2,"name":"Cumeeira"}]},{"@type":"WebSite","@id":"https://previews.elleven.digital/acocearense/#website","url":"https://previews.elleven.digital/acocearense/","name":"Aço Cearense","description":"Há mais de 45 anos no mercado brasileiro do aço.","alternateName":"Aço Cearense","potentialAction":[{"@type":"SearchAction","target":{"@type":"EntryPoint","urlTemplate":"https://previews.elleven.digital/acocearense/?s={search_term_string}"},"query-input":{"@type":"PropertyValueSpecification","valueRequired":true,"valueName":"search_term_string"}}],"inLanguage":"en-US"}]}</script>
<!-- / Yoast SEO plugin. -->

Cumeeira - Grupo Aço Cearense

Produto complementar na montagem e acabamento das coberturas e fechamentos metálicos, a Cumeeira é produzida(...)

Grupo Aço Cearense

Início

Ceará Steel

Aço Cearense
