{"id":22546,"date":"2025-09-12T16:03:02","date_gmt":"2025-09-12T19:03:02","guid":{"rendered":"https:\/\/previews.elleven.digital\/acocearense\/?post_type=produtos&#038;p=22546"},"modified":"2025-09-12T16:05:09","modified_gmt":"2025-09-12T19:05:09","slug":"corte-e-dobra","status":"publish","type":"produtos","link":"https:\/\/previews.elleven.digital\/acocearense\/en\/produtos\/corte-e-dobra\/","title":{"rendered":"Cutting and Folding"},"content":{"rendered":"<p>It refers to the process of cutting and bending steel according to the specifications of the work project, making the parts ready for use in civil construction, with a high rate of waste reduction, superior resistance and increased efficiency of your work.<\/p>\n<p>Cutting and folding is essential to speed up your schedule.<\/p>","protected":false},"featured_media":22547,"template":"","meta":{"_acf_changed":false,"inline_featured_image":false},"categoria-produto":[2],"marca-produto":[],"class_list":["post-22546","produtos","type-produtos","status-publish","has-post-thumbnail","hentry","categoria-produto-construcao-civil"],"acf":{"galeria":["https:\/\/previews.elleven.digital\/acocearense\/wp-content\/uploads\/2025\/09\/corte-e-dobra-01.png"],"descricao_previa":"Corte e dobra do a\u00e7o conforme especifica\u00e7\u00f5es do projeto, com pe\u00e7as prontas para uso, redu\u00e7\u00e3o de desperd\u00edcio e maior efici\u00eancia na obra.","area_de_texto":false,"atributos_produto":false,"especificacoes_tecnicas":false,"posts":false,"banner":false},"yoast_head":"<!-- This site is optimized with the Yoast SEO plugin v25.9 - https:\/\/yoast.com\/wordpress\/plugins\/seo\/ -->\n<title>Corte e Dobra - Grupo A\u00e7o Cearense<\/title>\n<meta name=\"robots\" content=\"index, follow, max-snippet:-1, max-image-preview:large, max-video-preview:-1\" \/>\n<link rel=\"canonical\" href=\"https:\/\/previews.elleven.digital\/acocearense\/en\/produtos\/corte-e-dobra\/\" \/>\n<meta property=\"og:locale\" content=\"en_US\" \/>\n<meta property=\"og:type\" content=\"article\" \/>\n<meta property=\"og:title\" content=\"Corte e Dobra - Grupo A\u00e7o Cearense\" \/>\n<meta property=\"og:description\" content=\"Se refere ao processo de cortar e dobrar o a\u00e7o conforme as especifica\u00e7\u00f5es do projeto(...)\" \/>\n<meta property=\"og:url\" content=\"https:\/\/previews.elleven.digital\/acocearense\/en\/produtos\/corte-e-dobra\/\" \/>\n<meta property=\"og:site_name\" content=\"Grupo A\u00e7o Cearense\" \/>\n<meta property=\"article:modified_time\" content=\"2025-09-12T19:05:09+00:00\" \/>\n<meta property=\"og:image\" content=\"https:\/\/previews.elleven.digital\/acocearense\/wp-content\/uploads\/2025\/09\/corte-e-dobra-01.png\" \/>\n\t<meta property=\"og:image:width\" content=\"1748\" \/>\n\t<meta property=\"og:image:height\" content=\"730\" \/>\n\t<meta property=\"og:image:type\" content=\"image\/png\" \/>\n<meta name=\"twitter:card\" content=\"summary_large_image\" \/>\n<meta name=\"twitter:label1\" content=\"Est. reading time\" \/>\n\t<meta name=\"twitter:data1\" content=\"1 minute\" \/>\n<script type=\"application\/ld+json\" class=\"yoast-schema-graph\">{\"@context\":\"https:\/\/schema.org\",\"@graph\":[{\"@type\":\"WebPage\",\"@id\":\"https:\/\/previews.elleven.digital\/acocearense\/produtos\/corte-e-dobra\/\",\"url\":\"https:\/\/previews.elleven.digital\/acocearense\/produtos\/corte-e-dobra\/\",\"name\":\"Corte e Dobra - Grupo A\u00e7o Cearense\",\"isPartOf\":{\"@id\":\"https:\/\/previews.elleven.digital\/acocearense\/#website\"},\"primaryImageOfPage\":{\"@id\":\"https:\/\/previews.elleven.digital\/acocearense\/produtos\/corte-e-dobra\/#primaryimage\"},\"image\":{\"@id\":\"https:\/\/previews.elleven.digital\/acocearense\/produtos\/corte-e-dobra\/#primaryimage\"},\"thumbnailUrl\":\"https:\/\/previews.elleven.digital\/acocearense\/wp-content\/uploads\/2025\/09\/corte-e-dobra-01.png\",\"datePublished\":\"2025-09-12T19:03:02+00:00\",\"dateModified\":\"2025-09-12T19:05:09+00:00\",\"breadcrumb\":{\"@id\":\"https:\/\/previews.elleven.digital\/acocearense\/produtos\/corte-e-dobra\/#breadcrumb\"},\"inLanguage\":\"en-US\",\"potentialAction\":[{\"@type\":\"ReadAction\",\"target\":[\"https:\/\/previews.elleven.digital\/acocearense\/produtos\/corte-e-dobra\/\"]}]},{\"@type\":\"ImageObject\",\"inLanguage\":\"en-US\",\"@id\":\"https:\/\/previews.elleven.digital\/acocearense\/produtos\/corte-e-dobra\/#primaryimage\",\"url\":\"https:\/\/previews.elleven.digital\/acocearense\/wp-content\/uploads\/2025\/09\/corte-e-dobra-01.png\",\"contentUrl\":\"https:\/\/previews.elleven.digital\/acocearense\/wp-content\/uploads\/2025\/09\/corte-e-dobra-01.png\",\"width\":1748,\"height\":730},{\"@type\":\"BreadcrumbList\",\"@id\":\"https:\/\/previews.elleven.digital\/acocearense\/produtos\/corte-e-dobra\/#breadcrumb\",\"itemListElement\":[{\"@type\":\"ListItem\",\"position\":1,\"name\":\"In\u00edcio\",\"item\":\"https:\/\/previews.elleven.digital\/acocearense\/\"},{\"@type\":\"ListItem\",\"position\":2,\"name\":\"Corte e Dobra\"}]},{\"@type\":\"WebSite\",\"@id\":\"https:\/\/previews.elleven.digital\/acocearense\/#website\",\"url\":\"https:\/\/previews.elleven.digital\/acocearense\/\",\"name\":\"A\u00e7o Cearense\",\"description\":\"H\u00e1 mais de 45 anos no mercado brasileiro do a\u00e7o.\",\"alternateName\":\"A\u00e7o Cearense\",\"potentialAction\":[{\"@type\":\"SearchAction\",\"target\":{\"@type\":\"EntryPoint\",\"urlTemplate\":\"https:\/\/previews.elleven.digital\/acocearense\/?s={search_term_string}\"},\"query-input\":{\"@type\":\"PropertyValueSpecification\",\"valueRequired\":true,\"valueName\":\"search_term_string\"}}],\"inLanguage\":\"en-US\"}]}<\/script>\n<!-- \/ Yoast SEO plugin. -->","yoast_head_json":{"title":"Corte e Dobra - Grupo A\u00e7o Cearense","robots":{"index":"index","follow":"follow","max-snippet":"max-snippet:-1","max-image-preview":"max-image-preview:large","max-video-preview":"max-video-preview:-1"},"canonical":"https:\/\/previews.elleven.digital\/acocearense\/en\/produtos\/corte-e-dobra\/","og_locale":"en_US","og_type":"article","og_title":"Corte e Dobra - Grupo A\u00e7o Cearense","og_description":"Se refere ao processo de cortar e dobrar o a\u00e7o conforme as especifica\u00e7\u00f5es do projeto(...)","og_url":"https:\/\/previews.elleven.digital\/acocearense\/en\/produtos\/corte-e-dobra\/","og_site_name":"Grupo A\u00e7o Cearense","article_modified_time":"2025-09-12T19:05:09+00:00","og_image":[{"width":1748,"height":730,"url":"https:\/\/previews.elleven.digital\/acocearense\/wp-content\/uploads\/2025\/09\/corte-e-dobra-01.png","type":"image\/png"}],"twitter_card":"summary_large_image","twitter_misc":{"Est. reading time":"1 minute"},"schema":{"@context":"https:\/\/schema.org","@graph":[{"@type":"WebPage","@id":"https:\/\/previews.elleven.digital\/acocearense\/produtos\/corte-e-dobra\/","url":"https:\/\/previews.elleven.digital\/acocearense\/produtos\/corte-e-dobra\/","name":"Corte e Dobra - Grupo A\u00e7o Cearense","isPartOf":{"@id":"https:\/\/previews.elleven.digital\/acocearense\/#website"},"primaryImageOfPage":{"@id":"https:\/\/previews.elleven.digital\/acocearense\/produtos\/corte-e-dobra\/#primaryimage"},"image":{"@id":"https:\/\/previews.elleven.digital\/acocearense\/produtos\/corte-e-dobra\/#primaryimage"},"thumbnailUrl":"https:\/\/previews.elleven.digital\/acocearense\/wp-content\/uploads\/2025\/09\/corte-e-dobra-01.png","datePublished":"2025-09-12T19:03:02+00:00","dateModified":"2025-09-12T19:05:09+00:00","breadcrumb":{"@id":"https:\/\/previews.elleven.digital\/acocearense\/produtos\/corte-e-dobra\/#breadcrumb"},"inLanguage":"en-US","potentialAction":[{"@type":"ReadAction","target":["https:\/\/previews.elleven.digital\/acocearense\/produtos\/corte-e-dobra\/"]}]},{"@type":"ImageObject","inLanguage":"en-US","@id":"https:\/\/previews.elleven.digital\/acocearense\/produtos\/corte-e-dobra\/#primaryimage","url":"https:\/\/previews.elleven.digital\/acocearense\/wp-content\/uploads\/2025\/09\/corte-e-dobra-01.png","contentUrl":"https:\/\/previews.elleven.digital\/acocearense\/wp-content\/uploads\/2025\/09\/corte-e-dobra-01.png","width":1748,"height":730},{"@type":"BreadcrumbList","@id":"https:\/\/previews.elleven.digital\/acocearense\/produtos\/corte-e-dobra\/#breadcrumb","itemListElement":[{"@type":"ListItem","position":1,"name":"In\u00edcio","item":"https:\/\/previews.elleven.digital\/acocearense\/"},{"@type":"ListItem","position":2,"name":"Corte e Dobra"}]},{"@type":"WebSite","@id":"https:\/\/previews.elleven.digital\/acocearense\/#website","url":"https:\/\/previews.elleven.digital\/acocearense\/","name":"Cear\u00e1 Steel","description":"We have been in the Brazilian steel market for over 45 years.","alternateName":"A\u00e7o Cearense","potentialAction":[{"@type":"SearchAction","target":{"@type":"EntryPoint","urlTemplate":"https:\/\/previews.elleven.digital\/acocearense\/?s={search_term_string}"},"query-input":{"@type":"PropertyValueSpecification","valueRequired":true,"valueName":"search_term_string"}}],"inLanguage":"en-US"}]}},"_links":{"self":[{"href":"https:\/\/previews.elleven.digital\/acocearense\/en\/wp-json\/wp\/v2\/produtos\/22546","targetHints":{"allow":["GET"]}}],"collection":[{"href":"https:\/\/previews.elleven.digital\/acocearense\/en\/wp-json\/wp\/v2\/produtos"}],"about":[{"href":"https:\/\/previews.elleven.digital\/acocearense\/en\/wp-json\/wp\/v2\/types\/produtos"}],"wp:featuredmedia":[{"embeddable":true,"href":"https:\/\/previews.elleven.digital\/acocearense\/en\/wp-json\/wp\/v2\/media\/22547"}],"wp:attachment":[{"href":"https:\/\/previews.elleven.digital\/acocearense\/en\/wp-json\/wp\/v2\/media?parent=22546"}],"wp:term":[{"taxonomy":"categoria-produto","embeddable":true,"href":"https:\/\/previews.elleven.digital\/acocearense\/en\/wp-json\/wp\/v2\/categoria-produto?post=22546"},{"taxonomy":"marca-produto","embeddable":true,"href":"https:\/\/previews.elleven.digital\/acocearense\/en\/wp-json\/wp\/v2\/marca-produto?post=22546"}],"curies":[{"name":"wp","href":"https:\/\/api.w.org\/{rel}","templated":true}]}}

Corte e dobra do aço conforme especificações do projeto, com peças prontas para uso, redução de desperdício e maior eficiência na obra.

<!-- This site is optimized with the Yoast SEO plugin v25.9 - https://yoast.com/wordpress/plugins/seo/ -->
<title>Corte e Dobra - Grupo Aço Cearense</title>
<meta name="robots" content="index, follow, max-snippet:-1, max-image-preview:large, max-video-preview:-1" />
<link rel="canonical" href="https://previews.elleven.digital/acocearense/en/produtos/corte-e-dobra/" />
<meta property="og:locale" content="en_US" />
<meta property="og:type" content="article" />
<meta property="og:title" content="Corte e Dobra - Grupo Aço Cearense" />
<meta property="og:description" content="Se refere ao processo de cortar e dobrar o aço conforme as especificações do projeto(...)" />
<meta property="og:url" content="https://previews.elleven.digital/acocearense/en/produtos/corte-e-dobra/" />
<meta property="og:site_name" content="Grupo Aço Cearense" />
<meta property="article:modified_time" content="2025-09-12T19:05:09+00:00" />
<meta property="og:image" content="https://previews.elleven.digital/acocearense/wp-content/uploads/2025/09/corte-e-dobra-01.png" />
	<meta property="og:image:width" content="1748" />
	<meta property="og:image:height" content="730" />
	<meta property="og:image:type" content="image/png" />
<meta name="twitter:card" content="summary_large_image" />
<meta name="twitter:label1" content="Est. reading time" />
	<meta name="twitter:data1" content="1 minute" />
<script type="application/ld+json" class="yoast-schema-graph">{"@context":"https://schema.org","@graph":[{"@type":"WebPage","@id":"https://previews.elleven.digital/acocearense/produtos/corte-e-dobra/","url":"https://previews.elleven.digital/acocearense/produtos/corte-e-dobra/","name":"Corte e Dobra - Grupo Aço Cearense","isPartOf":{"@id":"https://previews.elleven.digital/acocearense/#website"},"primaryImageOfPage":{"@id":"https://previews.elleven.digital/acocearense/produtos/corte-e-dobra/#primaryimage"},"image":{"@id":"https://previews.elleven.digital/acocearense/produtos/corte-e-dobra/#primaryimage"},"thumbnailUrl":"https://previews.elleven.digital/acocearense/wp-content/uploads/2025/09/corte-e-dobra-01.png","datePublished":"2025-09-12T19:03:02+00:00","dateModified":"2025-09-12T19:05:09+00:00","breadcrumb":{"@id":"https://previews.elleven.digital/acocearense/produtos/corte-e-dobra/#breadcrumb"},"inLanguage":"en-US","potentialAction":[{"@type":"ReadAction","target":["https://previews.elleven.digital/acocearense/produtos/corte-e-dobra/"]}]},{"@type":"ImageObject","inLanguage":"en-US","@id":"https://previews.elleven.digital/acocearense/produtos/corte-e-dobra/#primaryimage","url":"https://previews.elleven.digital/acocearense/wp-content/uploads/2025/09/corte-e-dobra-01.png","contentUrl":"https://previews.elleven.digital/acocearense/wp-content/uploads/2025/09/corte-e-dobra-01.png","width":1748,"height":730},{"@type":"BreadcrumbList","@id":"https://previews.elleven.digital/acocearense/produtos/corte-e-dobra/#breadcrumb","itemListElement":[{"@type":"ListItem","position":1,"name":"Início","item":"https://previews.elleven.digital/acocearense/"},{"@type":"ListItem","position":2,"name":"Corte e Dobra"}]},{"@type":"WebSite","@id":"https://previews.elleven.digital/acocearense/#website","url":"https://previews.elleven.digital/acocearense/","name":"Aço Cearense","description":"Há mais de 45 anos no mercado brasileiro do aço.","alternateName":"Aço Cearense","potentialAction":[{"@type":"SearchAction","target":{"@type":"EntryPoint","urlTemplate":"https://previews.elleven.digital/acocearense/?s={search_term_string}"},"query-input":{"@type":"PropertyValueSpecification","valueRequired":true,"valueName":"search_term_string"}}],"inLanguage":"en-US"}]}</script>
<!-- / Yoast SEO plugin. -->

Corte e Dobra - Grupo Aço Cearense

Se refere ao processo de cortar e dobrar o aço conforme as especificações do projeto(...)

Grupo Aço Cearense

Início

Ceará Steel

Aço Cearense
