{"id":1926,"date":"2025-05-07T16:03:26","date_gmt":"2025-05-07T19:03:26","guid":{"rendered":"https:\/\/previews.elleven.digital\/acocearense\/?post_type=produtos&#038;p=1926"},"modified":"2025-05-07T21:45:02","modified_gmt":"2025-05-08T00:45:02","slug":"chapa-articulada","status":"publish","type":"produtos","link":"https:\/\/previews.elleven.digital\/acocearense\/en\/produtos\/chapa-articulada\/","title":{"rendered":"Articulated Plate"},"content":{"rendered":"<p>THE <b>Articulated Plate<\/b> It is formed by articulated strips applied to rolling doors.<\/p>\n<p>It is a steel plate manufactured with its own joint and vertical grooves, which prolong its durability.<\/p>\n<p>It is safe, practical, long-lasting and, most importantly, takes up little space.<\/p>","protected":false},"featured_media":1934,"template":"","meta":{"_acf_changed":false,"inline_featured_image":false},"categoria-produto":[18],"marca-produto":[24],"class_list":["post-1926","produtos","type-produtos","status-publish","has-post-thumbnail","hentry","categoria-produto-planos-e-derivados","marca-produto-aco-cearense"],"acf":{"galeria":["https:\/\/previews.elleven.digital\/acocearense\/wp-content\/uploads\/2025\/05\/Chapa-articulada.jpg"],"descricao_previa":"A Chapa Articulada \u00e9 formada por tiras articuladas aplicadas em portas de enrolar.","area_de_texto":false,"atributos_produto":false,"especificacoes_tecnicas":[{"acf_fc_layout":"imagem_tabela","imagem_desktop":"https:\/\/previews.elleven.digital\/acocearense\/wp-content\/uploads\/2025\/05\/Chapa-Articulada.png","imagem_mobile":false}],"posts":false,"banner":false},"yoast_head":"<!-- This site is optimized with the Yoast SEO plugin v25.9 - https:\/\/yoast.com\/wordpress\/plugins\/seo\/ -->\n<title>Chapa Articulada - Grupo A\u00e7o Cearense<\/title>\n<meta name=\"robots\" content=\"index, follow, max-snippet:-1, max-image-preview:large, max-video-preview:-1\" \/>\n<link rel=\"canonical\" href=\"https:\/\/previews.elleven.digital\/acocearense\/en\/produtos\/chapa-articulada\/\" \/>\n<meta property=\"og:locale\" content=\"en_US\" \/>\n<meta property=\"og:type\" content=\"article\" \/>\n<meta property=\"og:title\" content=\"Chapa Articulada - Grupo A\u00e7o Cearense\" \/>\n<meta property=\"og:description\" content=\"A Chapa Articulada \u00e9 formada por tiras articuladas aplicadas em portas de enrolar. \u00c9 uma(...)\" \/>\n<meta property=\"og:url\" content=\"https:\/\/previews.elleven.digital\/acocearense\/en\/produtos\/chapa-articulada\/\" \/>\n<meta property=\"og:site_name\" content=\"Grupo A\u00e7o Cearense\" \/>\n<meta property=\"article:modified_time\" content=\"2025-05-08T00:45:02+00:00\" \/>\n<meta property=\"og:image\" content=\"https:\/\/previews.elleven.digital\/acocearense\/wp-content\/uploads\/2025\/05\/Chapa-articulada.jpg\" \/>\n\t<meta property=\"og:image:width\" content=\"600\" \/>\n\t<meta property=\"og:image:height\" content=\"450\" \/>\n\t<meta property=\"og:image:type\" content=\"image\/jpeg\" \/>\n<meta name=\"twitter:card\" content=\"summary_large_image\" \/>\n<meta name=\"twitter:label1\" content=\"Est. reading time\" \/>\n\t<meta name=\"twitter:data1\" content=\"1 minute\" \/>\n<script type=\"application\/ld+json\" class=\"yoast-schema-graph\">{\"@context\":\"https:\/\/schema.org\",\"@graph\":[{\"@type\":\"WebPage\",\"@id\":\"https:\/\/previews.elleven.digital\/acocearense\/produtos\/chapa-articulada\/\",\"url\":\"https:\/\/previews.elleven.digital\/acocearense\/produtos\/chapa-articulada\/\",\"name\":\"Chapa Articulada - Grupo A\u00e7o Cearense\",\"isPartOf\":{\"@id\":\"https:\/\/previews.elleven.digital\/acocearense\/#website\"},\"primaryImageOfPage\":{\"@id\":\"https:\/\/previews.elleven.digital\/acocearense\/produtos\/chapa-articulada\/#primaryimage\"},\"image\":{\"@id\":\"https:\/\/previews.elleven.digital\/acocearense\/produtos\/chapa-articulada\/#primaryimage\"},\"thumbnailUrl\":\"https:\/\/previews.elleven.digital\/acocearense\/wp-content\/uploads\/2025\/05\/Chapa-articulada.jpg\",\"datePublished\":\"2025-05-07T19:03:26+00:00\",\"dateModified\":\"2025-05-08T00:45:02+00:00\",\"breadcrumb\":{\"@id\":\"https:\/\/previews.elleven.digital\/acocearense\/produtos\/chapa-articulada\/#breadcrumb\"},\"inLanguage\":\"en-US\",\"potentialAction\":[{\"@type\":\"ReadAction\",\"target\":[\"https:\/\/previews.elleven.digital\/acocearense\/produtos\/chapa-articulada\/\"]}]},{\"@type\":\"ImageObject\",\"inLanguage\":\"en-US\",\"@id\":\"https:\/\/previews.elleven.digital\/acocearense\/produtos\/chapa-articulada\/#primaryimage\",\"url\":\"https:\/\/previews.elleven.digital\/acocearense\/wp-content\/uploads\/2025\/05\/Chapa-articulada.jpg\",\"contentUrl\":\"https:\/\/previews.elleven.digital\/acocearense\/wp-content\/uploads\/2025\/05\/Chapa-articulada.jpg\",\"width\":600,\"height\":450},{\"@type\":\"BreadcrumbList\",\"@id\":\"https:\/\/previews.elleven.digital\/acocearense\/produtos\/chapa-articulada\/#breadcrumb\",\"itemListElement\":[{\"@type\":\"ListItem\",\"position\":1,\"name\":\"In\u00edcio\",\"item\":\"https:\/\/previews.elleven.digital\/acocearense\/\"},{\"@type\":\"ListItem\",\"position\":2,\"name\":\"Chapa Articulada\"}]},{\"@type\":\"WebSite\",\"@id\":\"https:\/\/previews.elleven.digital\/acocearense\/#website\",\"url\":\"https:\/\/previews.elleven.digital\/acocearense\/\",\"name\":\"A\u00e7o Cearense\",\"description\":\"H\u00e1 mais de 45 anos no mercado brasileiro do a\u00e7o.\",\"alternateName\":\"A\u00e7o Cearense\",\"potentialAction\":[{\"@type\":\"SearchAction\",\"target\":{\"@type\":\"EntryPoint\",\"urlTemplate\":\"https:\/\/previews.elleven.digital\/acocearense\/?s={search_term_string}\"},\"query-input\":{\"@type\":\"PropertyValueSpecification\",\"valueRequired\":true,\"valueName\":\"search_term_string\"}}],\"inLanguage\":\"en-US\"}]}<\/script>\n<!-- \/ Yoast SEO plugin. -->","yoast_head_json":{"title":"Chapa Articulada - Grupo A\u00e7o Cearense","robots":{"index":"index","follow":"follow","max-snippet":"max-snippet:-1","max-image-preview":"max-image-preview:large","max-video-preview":"max-video-preview:-1"},"canonical":"https:\/\/previews.elleven.digital\/acocearense\/en\/produtos\/chapa-articulada\/","og_locale":"en_US","og_type":"article","og_title":"Chapa Articulada - Grupo A\u00e7o Cearense","og_description":"A Chapa Articulada \u00e9 formada por tiras articuladas aplicadas em portas de enrolar. \u00c9 uma(...)","og_url":"https:\/\/previews.elleven.digital\/acocearense\/en\/produtos\/chapa-articulada\/","og_site_name":"Grupo A\u00e7o Cearense","article_modified_time":"2025-05-08T00:45:02+00:00","og_image":[{"width":600,"height":450,"url":"https:\/\/previews.elleven.digital\/acocearense\/wp-content\/uploads\/2025\/05\/Chapa-articulada.jpg","type":"image\/jpeg"}],"twitter_card":"summary_large_image","twitter_misc":{"Est. reading time":"1 minute"},"schema":{"@context":"https:\/\/schema.org","@graph":[{"@type":"WebPage","@id":"https:\/\/previews.elleven.digital\/acocearense\/produtos\/chapa-articulada\/","url":"https:\/\/previews.elleven.digital\/acocearense\/produtos\/chapa-articulada\/","name":"Chapa Articulada - Grupo A\u00e7o Cearense","isPartOf":{"@id":"https:\/\/previews.elleven.digital\/acocearense\/#website"},"primaryImageOfPage":{"@id":"https:\/\/previews.elleven.digital\/acocearense\/produtos\/chapa-articulada\/#primaryimage"},"image":{"@id":"https:\/\/previews.elleven.digital\/acocearense\/produtos\/chapa-articulada\/#primaryimage"},"thumbnailUrl":"https:\/\/previews.elleven.digital\/acocearense\/wp-content\/uploads\/2025\/05\/Chapa-articulada.jpg","datePublished":"2025-05-07T19:03:26+00:00","dateModified":"2025-05-08T00:45:02+00:00","breadcrumb":{"@id":"https:\/\/previews.elleven.digital\/acocearense\/produtos\/chapa-articulada\/#breadcrumb"},"inLanguage":"en-US","potentialAction":[{"@type":"ReadAction","target":["https:\/\/previews.elleven.digital\/acocearense\/produtos\/chapa-articulada\/"]}]},{"@type":"ImageObject","inLanguage":"en-US","@id":"https:\/\/previews.elleven.digital\/acocearense\/produtos\/chapa-articulada\/#primaryimage","url":"https:\/\/previews.elleven.digital\/acocearense\/wp-content\/uploads\/2025\/05\/Chapa-articulada.jpg","contentUrl":"https:\/\/previews.elleven.digital\/acocearense\/wp-content\/uploads\/2025\/05\/Chapa-articulada.jpg","width":600,"height":450},{"@type":"BreadcrumbList","@id":"https:\/\/previews.elleven.digital\/acocearense\/produtos\/chapa-articulada\/#breadcrumb","itemListElement":[{"@type":"ListItem","position":1,"name":"In\u00edcio","item":"https:\/\/previews.elleven.digital\/acocearense\/"},{"@type":"ListItem","position":2,"name":"Chapa Articulada"}]},{"@type":"WebSite","@id":"https:\/\/previews.elleven.digital\/acocearense\/#website","url":"https:\/\/previews.elleven.digital\/acocearense\/","name":"Cear\u00e1 Steel","description":"We have been in the Brazilian steel market for over 45 years.","alternateName":"A\u00e7o Cearense","potentialAction":[{"@type":"SearchAction","target":{"@type":"EntryPoint","urlTemplate":"https:\/\/previews.elleven.digital\/acocearense\/?s={search_term_string}"},"query-input":{"@type":"PropertyValueSpecification","valueRequired":true,"valueName":"search_term_string"}}],"inLanguage":"en-US"}]}},"_links":{"self":[{"href":"https:\/\/previews.elleven.digital\/acocearense\/en\/wp-json\/wp\/v2\/produtos\/1926","targetHints":{"allow":["GET"]}}],"collection":[{"href":"https:\/\/previews.elleven.digital\/acocearense\/en\/wp-json\/wp\/v2\/produtos"}],"about":[{"href":"https:\/\/previews.elleven.digital\/acocearense\/en\/wp-json\/wp\/v2\/types\/produtos"}],"wp:featuredmedia":[{"embeddable":true,"href":"https:\/\/previews.elleven.digital\/acocearense\/en\/wp-json\/wp\/v2\/media\/1934"}],"wp:attachment":[{"href":"https:\/\/previews.elleven.digital\/acocearense\/en\/wp-json\/wp\/v2\/media?parent=1926"}],"wp:term":[{"taxonomy":"categoria-produto","embeddable":true,"href":"https:\/\/previews.elleven.digital\/acocearense\/en\/wp-json\/wp\/v2\/categoria-produto?post=1926"},{"taxonomy":"marca-produto","embeddable":true,"href":"https:\/\/previews.elleven.digital\/acocearense\/en\/wp-json\/wp\/v2\/marca-produto?post=1926"}],"curies":[{"name":"wp","href":"https:\/\/api.w.org\/{rel}","templated":true}]}}

A Chapa Articulada é formada por tiras articuladas aplicadas em portas de enrolar.

<!-- This site is optimized with the Yoast SEO plugin v25.9 - https://yoast.com/wordpress/plugins/seo/ -->
<title>Chapa Articulada - Grupo Aço Cearense</title>
<meta name="robots" content="index, follow, max-snippet:-1, max-image-preview:large, max-video-preview:-1" />
<link rel="canonical" href="https://previews.elleven.digital/acocearense/en/produtos/chapa-articulada/" />
<meta property="og:locale" content="en_US" />
<meta property="og:type" content="article" />
<meta property="og:title" content="Chapa Articulada - Grupo Aço Cearense" />
<meta property="og:description" content="A Chapa Articulada é formada por tiras articuladas aplicadas em portas de enrolar. É uma(...)" />
<meta property="og:url" content="https://previews.elleven.digital/acocearense/en/produtos/chapa-articulada/" />
<meta property="og:site_name" content="Grupo Aço Cearense" />
<meta property="article:modified_time" content="2025-05-08T00:45:02+00:00" />
<meta property="og:image" content="https://previews.elleven.digital/acocearense/wp-content/uploads/2025/05/Chapa-articulada.jpg" />
	<meta property="og:image:width" content="600" />
	<meta property="og:image:height" content="450" />
	<meta property="og:image:type" content="image/jpeg" />
<meta name="twitter:card" content="summary_large_image" />
<meta name="twitter:label1" content="Est. reading time" />
	<meta name="twitter:data1" content="1 minute" />
<script type="application/ld+json" class="yoast-schema-graph">{"@context":"https://schema.org","@graph":[{"@type":"WebPage","@id":"https://previews.elleven.digital/acocearense/produtos/chapa-articulada/","url":"https://previews.elleven.digital/acocearense/produtos/chapa-articulada/","name":"Chapa Articulada - Grupo Aço Cearense","isPartOf":{"@id":"https://previews.elleven.digital/acocearense/#website"},"primaryImageOfPage":{"@id":"https://previews.elleven.digital/acocearense/produtos/chapa-articulada/#primaryimage"},"image":{"@id":"https://previews.elleven.digital/acocearense/produtos/chapa-articulada/#primaryimage"},"thumbnailUrl":"https://previews.elleven.digital/acocearense/wp-content/uploads/2025/05/Chapa-articulada.jpg","datePublished":"2025-05-07T19:03:26+00:00","dateModified":"2025-05-08T00:45:02+00:00","breadcrumb":{"@id":"https://previews.elleven.digital/acocearense/produtos/chapa-articulada/#breadcrumb"},"inLanguage":"en-US","potentialAction":[{"@type":"ReadAction","target":["https://previews.elleven.digital/acocearense/produtos/chapa-articulada/"]}]},{"@type":"ImageObject","inLanguage":"en-US","@id":"https://previews.elleven.digital/acocearense/produtos/chapa-articulada/#primaryimage","url":"https://previews.elleven.digital/acocearense/wp-content/uploads/2025/05/Chapa-articulada.jpg","contentUrl":"https://previews.elleven.digital/acocearense/wp-content/uploads/2025/05/Chapa-articulada.jpg","width":600,"height":450},{"@type":"BreadcrumbList","@id":"https://previews.elleven.digital/acocearense/produtos/chapa-articulada/#breadcrumb","itemListElement":[{"@type":"ListItem","position":1,"name":"Início","item":"https://previews.elleven.digital/acocearense/"},{"@type":"ListItem","position":2,"name":"Chapa Articulada"}]},{"@type":"WebSite","@id":"https://previews.elleven.digital/acocearense/#website","url":"https://previews.elleven.digital/acocearense/","name":"Aço Cearense","description":"Há mais de 45 anos no mercado brasileiro do aço.","alternateName":"Aço Cearense","potentialAction":[{"@type":"SearchAction","target":{"@type":"EntryPoint","urlTemplate":"https://previews.elleven.digital/acocearense/?s={search_term_string}"},"query-input":{"@type":"PropertyValueSpecification","valueRequired":true,"valueName":"search_term_string"}}],"inLanguage":"en-US"}]}</script>
<!-- / Yoast SEO plugin. -->

Chapa Articulada - Grupo Aço Cearense

A Chapa Articulada é formada por tiras articuladas aplicadas em portas de enrolar. É uma(...)

Grupo Aço Cearense

Início

Ceará Steel

Aço Cearense
